{"id":11806,"date":"2022-11-16T10:21:39","date_gmt":"2022-11-16T15:21:39","guid":{"rendered":"https:\/\/www.kpnsafety.com\/colombia\/?page_id=11806"},"modified":"2025-01-28T08:36:49","modified_gmt":"2025-01-28T13:36:49","slug":"agendamiento-de-citas","status":"publish","type":"page","link":"https:\/\/www.kpnsafety.com\/colombia\/agendamiento-de-citas\/","title":{"rendered":"Agendamiento de Citas"},"content":{"rendered":"\t\t<div data-elementor-type=\"wp-page\" data-elementor-id=\"11806\" class=\"elementor elementor-11806\">\n\t\t\t\t\t\t<section class=\"elementor-section elementor-top-section elementor-element elementor-element-71814a7f elementor-section-boxed elementor-section-height-default elementor-section-height-default\" data-id=\"71814a7f\" data-element_type=\"section\" data-e-type=\"section\" data-settings=\"{&quot;background_background&quot;:&quot;classic&quot;}\">\n\t\t\t\t\t\t<div class=\"elementor-container elementor-column-gap-no\">\n\t\t\t\t\t<div class=\"elementor-column elementor-col-100 elementor-top-column elementor-element elementor-element-d78875e\" data-id=\"d78875e\" data-element_type=\"column\" data-e-type=\"column\">\n\t\t\t<div class=\"elementor-widget-wrap elementor-element-populated\">\n\t\t\t\t\t\t<div class=\"elementor-element elementor-element-543c5d7a elementor-widget elementor-widget-heading\" data-id=\"543c5d7a\" data-element_type=\"widget\" data-e-type=\"widget\" data-widget_type=\"heading.default\">\n\t\t\t\t<div class=\"elementor-widget-container\">\n\t\t\t\t\t<h1 class=\"elementor-heading-title elementor-size-default\">Agendamiento de citas<\/h1>\t\t\t\t<\/div>\n\t\t\t\t<\/div>\n\t\t\t\t<div class=\"elementor-element elementor-element-4e2edebc elementor-widget elementor-widget-text-editor\" data-id=\"4e2edebc\" data-element_type=\"widget\" data-e-type=\"widget\" data-widget_type=\"text-editor.default\">\n\t\t\t\t<div class=\"elementor-widget-container\">\n\t\t\t\t\t\t\t\t\t<p>Por favor llena los siguientes datos e ind\u00edcanos que d\u00eda deseas tomar una cita de manera virtual con un asesor especializado.<\/p>\t\t\t\t\t\t\t\t<\/div>\n\t\t\t\t<\/div>\n\t\t\t\t\t<\/div>\n\t\t<\/div>\n\t\t\t\t\t<\/div>\n\t\t<\/section>\n\t\t\t\t<section class=\"elementor-section elementor-top-section elementor-element elementor-element-44805b3 elementor-section-boxed elementor-section-height-default elementor-section-height-default\" data-id=\"44805b3\" data-element_type=\"section\" data-e-type=\"section\">\n\t\t\t\t\t\t<div class=\"elementor-container elementor-column-gap-default\">\n\t\t\t\t\t<div class=\"elementor-column elementor-col-100 elementor-top-column elementor-element elementor-element-c37cbc6\" data-id=\"c37cbc6\" data-element_type=\"column\" data-e-type=\"column\">\n\t\t\t<div class=\"elementor-widget-wrap elementor-element-populated\">\n\t\t\t\t\t\t<div class=\"elementor-element elementor-element-247a754 elementor-widget elementor-widget-bookly-widget-bookly-form\" data-id=\"247a754\" data-element_type=\"widget\" data-e-type=\"widget\" data-widget_type=\"bookly-widget-bookly-form.default\">\n\t\t\t\t<div class=\"elementor-widget-container\">\n\t\t\t\t\t<!--\nPlugin Name: Bookly - Responsive WordPress Appointment Booking and Scheduling Plugin\nPlugin URI: https:\/\/www.booking-wp-plugin.com\/?utm_source=bookly_admin&utm_medium=plugins_page&utm_campaign=plugins_page\nVersion: 27.4-->\n<style type=\"text\/css\">\n    :root {\n        --bookly-main-color: #dd3333 !important;\n        --bookly-color: #dd3333 !important;\n    }\n\n    <\/style><div class=\"bookly-css-root\">\n    <div id=\"bookly-form-container-69e24f07b8bb0\" class=\"bookly-form\" data-form_id=\"\" aria-live=\"polite\">\n        <div style=\"text-align: center\"><img decoding=\"async\" src=\"https:\/\/www.kpnsafety.com\/colombia\/wp-includes\/js\/tinymce\/skins\/lightgray\/img\/loader.gif\" alt=\"Loading...\"\/><\/div>\n    <\/div>\n<\/div>\n<script type=\"text\/javascript\">\n    (function (win, fn) {\n        var done = false, top = true,\n            doc = win.document,\n            root = doc.documentElement,\n            modern = doc.addEventListener,\n            add = modern ? 'addEventListener' : 'attachEvent',\n            rem = modern ? 'removeEventListener' : 'detachEvent',\n            pre = modern ? '' : 'on',\n            init = function (e) {\n                if (e.type == 'readystatechange') if (doc.readyState != 'complete') return;\n                (e.type == 'load' ? win : doc)[rem](pre + e.type, init, false);\n                if (!done) {\n                    done = true;\n                    fn.call(win, e.type || e);\n                }\n            },\n            poll = function () {\n                try {\n                    root.doScroll('left');\n                } catch (e) {\n                    setTimeout(poll, 50);\n                    return;\n                }\n                init('poll');\n            };\n        if (doc.readyState == 'complete') fn.call(win, 'lazy');\n        else {\n            if (!modern) if (root.doScroll) {\n                try {\n                    top = !win.frameElement;\n                } catch (e) {\n                }\n                if (top) poll();\n            }\n            doc[add](pre + 'DOMContentLoaded', init, false);\n            doc[add](pre + 'readystatechange', init, false);\n            win[add](pre + 'load', init, false);\n        }\n    })(window, function () {\n        window.bookly( {\"form_id\":\"69e24f07b8bb0\",\"form_data\":{\"skip_service_step\":0,\"hide_service_part1\":0,\"hide_service_part2\":0,\"defaults\":{\"service_id\":0,\"staff_id\":0,\"location_id\":0,\"category_id\":0,\"units\":0,\"date_from\":0,\"time_from\":0,\"time_to\":0}},\"status\":{\"booking\":\"new\"},\"form_token\":null,\"skip_steps\":{\"service_part1\":0,\"service_part2\":0,\"extras\":1,\"time\":0,\"repeat\":1,\"cart\":1},\"errors\":{\"session_error\":\"Session error.\",\"form_id_error\":\"Form ID error.\",\"cart_item_not_available\":\"La hora seleccionada ya no est\\u00e1 disponible. Por favor elije otra ranura de hora.\",\"pay_locally_not_available\":\"Pay locally is not available.\",\"invalid_gateway\":\"Invalid gateway.\",\"payment_error\":\"Error.\",\"incorrect_username_password\":\"Nombre de usuario o contrase\\u00f1a incorrecta.\"},\"form_attributes\":{\"hide_categories\":false,\"hide_services\":false,\"hide_staff_members\":false,\"show_number_of_persons\":false,\"hide_service_duration\":true,\"hide_locations\":true,\"hide_quantity\":true,\"hide_date\":false,\"hide_week_days\":false,\"hide_time_range\":false},\"use_client_time_zone\":0,\"defaults\":{\"service_id\":0,\"staff_id\":0,\"location_id\":0,\"category_id\":0},\"datepicker_mode\":\"text-accent\"} );\n    });\n<\/script>\t\t\t\t<\/div>\n\t\t\t\t<\/div>\n\t\t\t\t\t<\/div>\n\t\t<\/div>\n\t\t\t\t\t<\/div>\n\t\t<\/section>\n\t\t\t\t<section class=\"elementor-section elementor-top-section elementor-element elementor-element-7d4004fa elementor-section-boxed elementor-section-height-default elementor-section-height-default\" data-id=\"7d4004fa\" data-element_type=\"section\" data-e-type=\"section\" data-settings=\"{&quot;background_background&quot;:&quot;classic&quot;}\">\n\t\t\t\t\t\t<div class=\"elementor-container elementor-column-gap-default\">\n\t\t\t\t\t<div class=\"elementor-column elementor-col-100 elementor-top-column elementor-element elementor-element-6a7614b\" data-id=\"6a7614b\" data-element_type=\"column\" data-e-type=\"column\">\n\t\t\t<div class=\"elementor-widget-wrap elementor-element-populated\">\n\t\t\t\t\t\t<div class=\"elementor-element elementor-element-7af859b2 elementor-widget elementor-widget-text-editor\" data-id=\"7af859b2\" data-element_type=\"widget\" data-e-type=\"widget\" data-widget_type=\"text-editor.default\">\n\t\t\t\t<div class=\"elementor-widget-container\">\n\t\t\t\t\t\t\t\t\t<p><strong>Conf\u00eda en nuestra experiencia y calidad para equipar a tus brigadas con lo mejor. Protege a quienes protegen.<\/strong><\/p><h2><span style=\"color: #ff0000;\">\u00a1Adquiere ya la mejor protecci\u00f3n para tu equipo!<\/span><\/h2>\t\t\t\t\t\t\t\t<\/div>\n\t\t\t\t<\/div>\n\t\t\t\t\t<\/div>\n\t\t<\/div>\n\t\t\t\t\t<\/div>\n\t\t<\/section>\n\t\t\t\t<section class=\"elementor-section elementor-top-section elementor-element elementor-element-6f3252da elementor-section-boxed elementor-section-height-default elementor-section-height-default\" data-id=\"6f3252da\" data-element_type=\"section\" data-e-type=\"section\">\n\t\t\t\t\t\t<div class=\"elementor-container elementor-column-gap-default\">\n\t\t\t\t\t<div class=\"elementor-column elementor-col-33 elementor-top-column elementor-element elementor-element-3c8a5ec9\" data-id=\"3c8a5ec9\" data-element_type=\"column\" data-e-type=\"column\">\n\t\t\t<div class=\"elementor-widget-wrap elementor-element-populated\">\n\t\t\t\t\t\t<div class=\"elementor-element elementor-element-67d4fab3 elementor-position-top elementor-widget elementor-widget-image-box\" data-id=\"67d4fab3\" data-element_type=\"widget\" data-e-type=\"widget\" data-widget_type=\"image-box.default\">\n\t\t\t\t<div class=\"elementor-widget-container\">\n\t\t\t\t\t<div class=\"elementor-image-box-wrapper\"><figure class=\"elementor-image-box-img\"><a href=\"https:\/\/www.kpnsafety.com\/colombia\/product\/casco-bombero-ref-fhr15-blanco\/\" tabindex=\"-1\"><img fetchpriority=\"high\" decoding=\"async\" width=\"640\" height=\"565\" src=\"https:\/\/www.kpnsafety.com\/colombia\/wp-content\/uploads\/2024\/08\/equipos-bomberos_casco-tytan-max.jpg\" class=\"elementor-animation-float attachment-full size-full wp-image-14230\" alt=\"\" srcset=\"https:\/\/www.kpnsafety.com\/colombia\/wp-content\/uploads\/2024\/08\/equipos-bomberos_casco-tytan-max.jpg 640w, https:\/\/www.kpnsafety.com\/colombia\/wp-content\/uploads\/2024\/08\/equipos-bomberos_casco-tytan-max-300x265.jpg 300w, https:\/\/www.kpnsafety.com\/colombia\/wp-content\/uploads\/2024\/08\/equipos-bomberos_casco-tytan-max-550x486.jpg 550w\" sizes=\"(max-width: 640px) 100vw, 640px\" \/><\/a><\/figure><div class=\"elementor-image-box-content\"><h3 class=\"elementor-image-box-title\"><a href=\"https:\/\/www.kpnsafety.com\/colombia\/product\/casco-bombero-ref-fhr15-blanco\/\">Casco para bombero <br>Estructural Blanco<\/a><\/h3><\/div><\/div>\t\t\t\t<\/div>\n\t\t\t\t<\/div>\n\t\t\t\t<div class=\"elementor-element elementor-element-796db4d9 elementor-align-center elementor-widget elementor-widget-button\" data-id=\"796db4d9\" data-element_type=\"widget\" data-e-type=\"widget\" data-widget_type=\"button.default\">\n\t\t\t\t<div class=\"elementor-widget-container\">\n\t\t\t\t\t\t\t\t\t<div class=\"elementor-button-wrapper\">\n\t\t\t\t\t<a class=\"elementor-button elementor-button-link elementor-size-sm\" href=\"https:\/\/www.kpnsafety.com\/colombia\/product\/casco-bombero-ref-fhr15-blanco\/\">\n\t\t\t\t\t\t<span class=\"elementor-button-content-wrapper\">\n\t\t\t\t\t\t\t\t\t<span class=\"elementor-button-text\">Compra aqu\u00ed<\/span>\n\t\t\t\t\t<\/span>\n\t\t\t\t\t<\/a>\n\t\t\t\t<\/div>\n\t\t\t\t\t\t\t\t<\/div>\n\t\t\t\t<\/div>\n\t\t\t\t\t<\/div>\n\t\t<\/div>\n\t\t\t\t<div class=\"elementor-column elementor-col-33 elementor-top-column elementor-element elementor-element-427affde\" data-id=\"427affde\" data-element_type=\"column\" data-e-type=\"column\">\n\t\t\t<div class=\"elementor-widget-wrap elementor-element-populated\">\n\t\t\t\t\t\t<div class=\"elementor-element elementor-element-a0252c0 elementor-position-top elementor-widget elementor-widget-image-box\" data-id=\"a0252c0\" data-element_type=\"widget\" data-e-type=\"widget\" data-widget_type=\"image-box.default\">\n\t\t\t\t<div class=\"elementor-widget-container\">\n\t\t\t\t\t<div class=\"elementor-image-box-wrapper\"><figure class=\"elementor-image-box-img\"><a href=\"https:\/\/www.kpnsafety.com\/colombia\/product\/botas-para-bombero-volcano-fal\/\" tabindex=\"-1\"><img decoding=\"async\" width=\"640\" height=\"565\" src=\"https:\/\/www.kpnsafety.com\/colombia\/wp-content\/uploads\/2024\/08\/equipos-bomberos_botas-fal.jpg\" class=\"elementor-animation-float attachment-full size-full wp-image-14228\" alt=\"\" srcset=\"https:\/\/www.kpnsafety.com\/colombia\/wp-content\/uploads\/2024\/08\/equipos-bomberos_botas-fal.jpg 640w, https:\/\/www.kpnsafety.com\/colombia\/wp-content\/uploads\/2024\/08\/equipos-bomberos_botas-fal-300x265.jpg 300w, https:\/\/www.kpnsafety.com\/colombia\/wp-content\/uploads\/2024\/08\/equipos-bomberos_botas-fal-550x486.jpg 550w\" sizes=\"(max-width: 640px) 100vw, 640px\" \/><\/a><\/figure><div class=\"elementor-image-box-content\"><h3 class=\"elementor-image-box-title\"><a href=\"https:\/\/www.kpnsafety.com\/colombia\/product\/botas-para-bombero-volcano-fal\/\">Botas para bombero<br>Estructural FAL<\/a><\/h3><\/div><\/div>\t\t\t\t<\/div>\n\t\t\t\t<\/div>\n\t\t\t\t<div class=\"elementor-element elementor-element-24080d8a elementor-align-center elementor-widget elementor-widget-button\" data-id=\"24080d8a\" data-element_type=\"widget\" data-e-type=\"widget\" data-widget_type=\"button.default\">\n\t\t\t\t<div class=\"elementor-widget-container\">\n\t\t\t\t\t\t\t\t\t<div class=\"elementor-button-wrapper\">\n\t\t\t\t\t<a class=\"elementor-button elementor-button-link elementor-size-sm\" href=\"https:\/\/www.kpnsafety.com\/colombia\/product\/botas-para-bombero-volcano-fal\/\">\n\t\t\t\t\t\t<span class=\"elementor-button-content-wrapper\">\n\t\t\t\t\t\t\t\t\t<span class=\"elementor-button-text\">Compra aqu\u00ed<\/span>\n\t\t\t\t\t<\/span>\n\t\t\t\t\t<\/a>\n\t\t\t\t<\/div>\n\t\t\t\t\t\t\t\t<\/div>\n\t\t\t\t<\/div>\n\t\t\t\t\t<\/div>\n\t\t<\/div>\n\t\t\t\t<div class=\"elementor-column elementor-col-33 elementor-top-column elementor-element elementor-element-423990b2\" data-id=\"423990b2\" data-element_type=\"column\" data-e-type=\"column\">\n\t\t\t<div class=\"elementor-widget-wrap elementor-element-populated\">\n\t\t\t\t\t\t<div class=\"elementor-element elementor-element-68a99d36 elementor-position-top elementor-widget elementor-widget-image-box\" data-id=\"68a99d36\" data-element_type=\"widget\" data-e-type=\"widget\" data-widget_type=\"image-box.default\">\n\t\t\t\t<div class=\"elementor-widget-container\">\n\t\t\t\t\t<div class=\"elementor-image-box-wrapper\"><figure class=\"elementor-image-box-img\"><a href=\"https:\/\/www.kpnsafety.com\/colombia\/product\/manguera-contra-incendios\/\" tabindex=\"-1\"><img decoding=\"async\" width=\"640\" height=\"565\" src=\"https:\/\/www.kpnsafety.com\/colombia\/wp-content\/uploads\/2024\/08\/equipos-bomberos_manguera-incendios.jpg\" class=\"elementor-animation-float attachment-full size-full wp-image-14231\" alt=\"\" srcset=\"https:\/\/www.kpnsafety.com\/colombia\/wp-content\/uploads\/2024\/08\/equipos-bomberos_manguera-incendios.jpg 640w, https:\/\/www.kpnsafety.com\/colombia\/wp-content\/uploads\/2024\/08\/equipos-bomberos_manguera-incendios-300x265.jpg 300w, https:\/\/www.kpnsafety.com\/colombia\/wp-content\/uploads\/2024\/08\/equipos-bomberos_manguera-incendios-550x486.jpg 550w\" sizes=\"(max-width: 640px) 100vw, 640px\" \/><\/a><\/figure><div class=\"elementor-image-box-content\"><h3 class=\"elementor-image-box-title\"><a href=\"https:\/\/www.kpnsafety.com\/colombia\/product\/manguera-contra-incendios\/\">Tramo de Manguera<br>8-2'1\/2 pulg<\/a><\/h3><\/div><\/div>\t\t\t\t<\/div>\n\t\t\t\t<\/div>\n\t\t\t\t<div class=\"elementor-element elementor-element-3b7bbf3c elementor-align-center elementor-widget elementor-widget-button\" data-id=\"3b7bbf3c\" data-element_type=\"widget\" data-e-type=\"widget\" data-widget_type=\"button.default\">\n\t\t\t\t<div class=\"elementor-widget-container\">\n\t\t\t\t\t\t\t\t\t<div class=\"elementor-button-wrapper\">\n\t\t\t\t\t<a class=\"elementor-button elementor-button-link elementor-size-sm\" href=\"https:\/\/www.kpnsafety.com\/colombia\/product\/manguera-contra-incendios\/\">\n\t\t\t\t\t\t<span class=\"elementor-button-content-wrapper\">\n\t\t\t\t\t\t\t\t\t<span class=\"elementor-button-text\">Compra aqu\u00ed<\/span>\n\t\t\t\t\t<\/span>\n\t\t\t\t\t<\/a>\n\t\t\t\t<\/div>\n\t\t\t\t\t\t\t\t<\/div>\n\t\t\t\t<\/div>\n\t\t\t\t\t<\/div>\n\t\t<\/div>\n\t\t\t\t\t<\/div>\n\t\t<\/section>\n\t\t\t\t<section class=\"elementor-section elementor-top-section elementor-element elementor-element-7c782f5a elementor-section-boxed elementor-section-height-default elementor-section-height-default\" data-id=\"7c782f5a\" data-element_type=\"section\" data-e-type=\"section\">\n\t\t\t\t\t\t<div class=\"elementor-container elementor-column-gap-default\">\n\t\t\t\t\t<div class=\"elementor-column elementor-col-33 elementor-top-column elementor-element elementor-element-6964946d\" data-id=\"6964946d\" data-element_type=\"column\" data-e-type=\"column\">\n\t\t\t<div class=\"elementor-widget-wrap elementor-element-populated\">\n\t\t\t\t\t\t<div class=\"elementor-element elementor-element-5b52d5bd elementor-position-top elementor-widget elementor-widget-image-box\" data-id=\"5b52d5bd\" data-element_type=\"widget\" data-e-type=\"widget\" data-widget_type=\"image-box.default\">\n\t\t\t\t<div class=\"elementor-widget-container\">\n\t\t\t\t\t<div class=\"elementor-image-box-wrapper\"><figure class=\"elementor-image-box-img\"><a href=\"https:\/\/www.kpnsafety.com\/colombia\/product\/traje-esctructural-categoria-iii\/\" tabindex=\"-1\"><img loading=\"lazy\" decoding=\"async\" width=\"640\" height=\"565\" src=\"https:\/\/www.kpnsafety.com\/colombia\/wp-content\/uploads\/2024\/09\/landing-2-46.jpg\" class=\"elementor-animation-float attachment-full size-full wp-image-14285\" alt=\"\" srcset=\"https:\/\/www.kpnsafety.com\/colombia\/wp-content\/uploads\/2024\/09\/landing-2-46.jpg 640w, https:\/\/www.kpnsafety.com\/colombia\/wp-content\/uploads\/2024\/09\/landing-2-46-300x265.jpg 300w, https:\/\/www.kpnsafety.com\/colombia\/wp-content\/uploads\/2024\/09\/landing-2-46-550x486.jpg 550w\" sizes=\"(max-width: 640px) 100vw, 640px\" \/><\/a><\/figure><div class=\"elementor-image-box-content\"><h3 class=\"elementor-image-box-title\"><a href=\"https:\/\/www.kpnsafety.com\/colombia\/product\/traje-esctructural-categoria-iii\/\">Traje Para Bombero Estructurral Orion Azul<\/a><\/h3><\/div><\/div>\t\t\t\t<\/div>\n\t\t\t\t<\/div>\n\t\t\t\t<div class=\"elementor-element elementor-element-6d5671b2 elementor-align-center elementor-widget elementor-widget-button\" data-id=\"6d5671b2\" data-element_type=\"widget\" data-e-type=\"widget\" data-widget_type=\"button.default\">\n\t\t\t\t<div class=\"elementor-widget-container\">\n\t\t\t\t\t\t\t\t\t<div class=\"elementor-button-wrapper\">\n\t\t\t\t\t<a class=\"elementor-button elementor-button-link elementor-size-sm\" href=\"https:\/\/www.kpnsafety.com\/colombia\/product\/traje-esctructural-categoria-iii\/\">\n\t\t\t\t\t\t<span class=\"elementor-button-content-wrapper\">\n\t\t\t\t\t\t\t\t\t<span class=\"elementor-button-text\">Compra aqu\u00ed<\/span>\n\t\t\t\t\t<\/span>\n\t\t\t\t\t<\/a>\n\t\t\t\t<\/div>\n\t\t\t\t\t\t\t\t<\/div>\n\t\t\t\t<\/div>\n\t\t\t\t\t<\/div>\n\t\t<\/div>\n\t\t\t\t<div class=\"elementor-column elementor-col-33 elementor-top-column elementor-element elementor-element-5eecfa50\" data-id=\"5eecfa50\" data-element_type=\"column\" data-e-type=\"column\">\n\t\t\t<div class=\"elementor-widget-wrap elementor-element-populated\">\n\t\t\t\t\t\t<div class=\"elementor-element elementor-element-455eea53 elementor-position-top elementor-widget elementor-widget-image-box\" data-id=\"455eea53\" data-element_type=\"widget\" data-e-type=\"widget\" data-widget_type=\"image-box.default\">\n\t\t\t\t<div class=\"elementor-widget-container\">\n\t\t\t\t\t<div class=\"elementor-image-box-wrapper\"><figure class=\"elementor-image-box-img\"><a href=\"https:\/\/www.kpnsafety.com\/colombia\/product\/motobomba-portatil-bp4\/\" tabindex=\"-1\"><img loading=\"lazy\" decoding=\"async\" width=\"640\" height=\"565\" src=\"https:\/\/www.kpnsafety.com\/colombia\/wp-content\/uploads\/2024\/09\/landing-2-45.jpg\" class=\"elementor-animation-float attachment-full size-full wp-image-14284\" alt=\"\" srcset=\"https:\/\/www.kpnsafety.com\/colombia\/wp-content\/uploads\/2024\/09\/landing-2-45.jpg 640w, https:\/\/www.kpnsafety.com\/colombia\/wp-content\/uploads\/2024\/09\/landing-2-45-300x265.jpg 300w, https:\/\/www.kpnsafety.com\/colombia\/wp-content\/uploads\/2024\/09\/landing-2-45-550x486.jpg 550w\" sizes=\"(max-width: 640px) 100vw, 640px\" \/><\/a><\/figure><div class=\"elementor-image-box-content\"><h3 class=\"elementor-image-box-title\"><a href=\"https:\/\/www.kpnsafety.com\/colombia\/product\/motobomba-portatil-bp4\/\">Motobomba<br>BP4<\/a><\/h3><\/div><\/div>\t\t\t\t<\/div>\n\t\t\t\t<\/div>\n\t\t\t\t<div class=\"elementor-element elementor-element-5bbcf62d elementor-align-center elementor-widget elementor-widget-button\" data-id=\"5bbcf62d\" data-element_type=\"widget\" data-e-type=\"widget\" data-widget_type=\"button.default\">\n\t\t\t\t<div class=\"elementor-widget-container\">\n\t\t\t\t\t\t\t\t\t<div class=\"elementor-button-wrapper\">\n\t\t\t\t\t<a class=\"elementor-button elementor-button-link elementor-size-sm\" href=\"https:\/\/www.kpnsafety.com\/colombia\/product\/motobomba-portatil-bp4\/\">\n\t\t\t\t\t\t<span class=\"elementor-button-content-wrapper\">\n\t\t\t\t\t\t\t\t\t<span class=\"elementor-button-text\">Compra aqu\u00ed<\/span>\n\t\t\t\t\t<\/span>\n\t\t\t\t\t<\/a>\n\t\t\t\t<\/div>\n\t\t\t\t\t\t\t\t<\/div>\n\t\t\t\t<\/div>\n\t\t\t\t\t<\/div>\n\t\t<\/div>\n\t\t\t\t<div class=\"elementor-column elementor-col-33 elementor-top-column elementor-element elementor-element-29434d1\" data-id=\"29434d1\" data-element_type=\"column\" data-e-type=\"column\">\n\t\t\t<div class=\"elementor-widget-wrap elementor-element-populated\">\n\t\t\t\t\t\t<div class=\"elementor-element elementor-element-2d7dbb33 elementor-position-top elementor-widget elementor-widget-image-box\" data-id=\"2d7dbb33\" data-element_type=\"widget\" data-e-type=\"widget\" data-widget_type=\"image-box.default\">\n\t\t\t\t<div class=\"elementor-widget-container\">\n\t\t\t\t\t<div class=\"elementor-image-box-wrapper\"><figure class=\"elementor-image-box-img\"><a href=\"https:\/\/www.kpnsafety.com\/colombia\/product\/casco-de-bombero-estructural-vfr-evo-negro\/\" tabindex=\"-1\"><img loading=\"lazy\" decoding=\"async\" width=\"640\" height=\"565\" src=\"https:\/\/www.kpnsafety.com\/colombia\/wp-content\/uploads\/2024\/09\/landing-2-43.jpg\" class=\"elementor-animation-float attachment-full size-full wp-image-14283\" alt=\"\" srcset=\"https:\/\/www.kpnsafety.com\/colombia\/wp-content\/uploads\/2024\/09\/landing-2-43.jpg 640w, https:\/\/www.kpnsafety.com\/colombia\/wp-content\/uploads\/2024\/09\/landing-2-43-300x265.jpg 300w, https:\/\/www.kpnsafety.com\/colombia\/wp-content\/uploads\/2024\/09\/landing-2-43-550x486.jpg 550w\" sizes=\"(max-width: 640px) 100vw, 640px\" \/><\/a><\/figure><div class=\"elementor-image-box-content\"><h3 class=\"elementor-image-box-title\"><a href=\"https:\/\/www.kpnsafety.com\/colombia\/product\/casco-de-bombero-estructural-vfr-evo-negro\/\">Casco para bombero Estructural<br>Negro<\/a><\/h3><\/div><\/div>\t\t\t\t<\/div>\n\t\t\t\t<\/div>\n\t\t\t\t<div class=\"elementor-element elementor-element-49a707b7 elementor-align-center elementor-widget elementor-widget-button\" data-id=\"49a707b7\" data-element_type=\"widget\" data-e-type=\"widget\" data-widget_type=\"button.default\">\n\t\t\t\t<div class=\"elementor-widget-container\">\n\t\t\t\t\t\t\t\t\t<div class=\"elementor-button-wrapper\">\n\t\t\t\t\t<a class=\"elementor-button elementor-button-link elementor-size-sm\" href=\"https:\/\/www.kpnsafety.com\/colombia\/product\/casco-de-bombero-estructural-vfr-evo-negro\/\">\n\t\t\t\t\t\t<span class=\"elementor-button-content-wrapper\">\n\t\t\t\t\t\t\t\t\t<span class=\"elementor-button-text\">Compra aqu\u00ed<\/span>\n\t\t\t\t\t<\/span>\n\t\t\t\t\t<\/a>\n\t\t\t\t<\/div>\n\t\t\t\t\t\t\t\t<\/div>\n\t\t\t\t<\/div>\n\t\t\t\t\t<\/div>\n\t\t<\/div>\n\t\t\t\t\t<\/div>\n\t\t<\/section>\n\t\t\t\t<\/div>\n\t\t","protected":false},"excerpt":{"rendered":"<p>Agendamiento de citas Por favor llena los siguientes datos e ind\u00edcanos que d\u00eda deseas tomar una cita de manera virtual con un asesor especializado. Conf\u00eda en nuestra experiencia y calidad para equipar a tus brigadas con lo mejor. Protege a quienes protegen. \u00a1Adquiere ya la mejor protecci\u00f3n para tu equipo! Casco para bombero Estructural Blanco [&hellip;]<\/p>\n","protected":false},"author":1,"featured_media":0,"parent":0,"menu_order":0,"comment_status":"closed","ping_status":"closed","template":"elementor_canvas","meta":{"footnotes":""},"class_list":["post-11806","page","type-page","status-publish","hentry"],"_links":{"self":[{"href":"https:\/\/www.kpnsafety.com\/colombia\/wp-json\/wp\/v2\/pages\/11806","targetHints":{"allow":["GET"]}}],"collection":[{"href":"https:\/\/www.kpnsafety.com\/colombia\/wp-json\/wp\/v2\/pages"}],"about":[{"href":"https:\/\/www.kpnsafety.com\/colombia\/wp-json\/wp\/v2\/types\/page"}],"author":[{"embeddable":true,"href":"https:\/\/www.kpnsafety.com\/colombia\/wp-json\/wp\/v2\/users\/1"}],"replies":[{"embeddable":true,"href":"https:\/\/www.kpnsafety.com\/colombia\/wp-json\/wp\/v2\/comments?post=11806"}],"version-history":[{"count":53,"href":"https:\/\/www.kpnsafety.com\/colombia\/wp-json\/wp\/v2\/pages\/11806\/revisions"}],"predecessor-version":[{"id":15601,"href":"https:\/\/www.kpnsafety.com\/colombia\/wp-json\/wp\/v2\/pages\/11806\/revisions\/15601"}],"wp:attachment":[{"href":"https:\/\/www.kpnsafety.com\/colombia\/wp-json\/wp\/v2\/media?parent=11806"}],"curies":[{"name":"wp","href":"https:\/\/api.w.org\/{rel}","templated":true}]}}