{"id":10421,"date":"2021-12-03T17:02:04","date_gmt":"2021-12-03T22:02:04","guid":{"rendered":"https:\/\/www.kpnsafety.com\/colombia\/product\/guante-multiflex-nylon-pu-talla-l-301000780110\/"},"modified":"2025-01-14T09:01:04","modified_gmt":"2025-01-14T14:01:04","slug":"guante-multiflex-nylon-pu-steelpro","status":"publish","type":"product","link":"https:\/\/www.kpnsafety.com\/colombia\/product\/guante-multiflex-nylon-pu-steelpro\/","title":{"rendered":"GUANTE MULTIFLEX NYLON PU &#8211; TALLA L"},"content":{"rendered":"","protected":false},"excerpt":{"rendered":"<p>Multiflex Nylon PU es un guante tejido con recubrimiento de Poliuretano (PU) negro en palma. Brinda una alta destreza, resistencia a riesgos mec\u00e1nicos. Ideales para el manejo de herramientas manuales, supervisi\u00f3n, mantenimiento de equipos, manipulaci\u00f3n e inspecci\u00f3n de materiales, proporcionando gran destreza fina<\/p>\n<p><strong>Consulte disponibilidad con nuestros asesores especializados<\/strong><\/p>\n<p><a href=\"https:\/\/api.whatsapp.com\/send?phone=573147862881\" target=\"_blank\" rel=\"noopener\"><button class=\"boton\">Contactar un asesor<\/button><\/a><\/p>\n<p><a href=\"https:\/\/www.kpnsafety.com\/colombia\/contactanos\/\" target=\"_blank\" rel=\"noopener\"><button class=\"boton\">Solicitar presupuesto<\/button><\/a><\/p>\n","protected":false},"featured_media":12278,"comment_status":"closed","ping_status":"closed","template":"","meta":[],"product_brand":[],"product_cat":[151,115,129],"product_tag":[504,511,512],"class_list":{"0":"post-10421","1":"product","2":"type-product","3":"status-publish","4":"has-post-thumbnail","6":"product_cat-guantes-industriales","7":"product_cat-proteccion-manual","8":"product_cat-seguridad-industrial","9":"product_tag-guante-industrial","10":"product_tag-puliuretano","11":"product_tag-steelpro","13":"first","14":"instock","15":"taxable","16":"shipping-taxable","17":"purchasable","18":"product-type-simple"},"_links":{"self":[{"href":"https:\/\/www.kpnsafety.com\/colombia\/wp-json\/wp\/v2\/product\/10421","targetHints":{"allow":["GET"]}}],"collection":[{"href":"https:\/\/www.kpnsafety.com\/colombia\/wp-json\/wp\/v2\/product"}],"about":[{"href":"https:\/\/www.kpnsafety.com\/colombia\/wp-json\/wp\/v2\/types\/product"}],"replies":[{"embeddable":true,"href":"https:\/\/www.kpnsafety.com\/colombia\/wp-json\/wp\/v2\/comments?post=10421"}],"wp:featuredmedia":[{"embeddable":true,"href":"https:\/\/www.kpnsafety.com\/colombia\/wp-json\/wp\/v2\/media\/12278"}],"wp:attachment":[{"href":"https:\/\/www.kpnsafety.com\/colombia\/wp-json\/wp\/v2\/media?parent=10421"}],"wp:term":[{"taxonomy":"product_brand","embeddable":true,"href":"https:\/\/www.kpnsafety.com\/colombia\/wp-json\/wp\/v2\/product_brand?post=10421"},{"taxonomy":"product_cat","embeddable":true,"href":"https:\/\/www.kpnsafety.com\/colombia\/wp-json\/wp\/v2\/product_cat?post=10421"},{"taxonomy":"product_tag","embeddable":true,"href":"https:\/\/www.kpnsafety.com\/colombia\/wp-json\/wp\/v2\/product_tag?post=10421"}],"curies":[{"name":"wp","href":"https:\/\/api.w.org\/{rel}","templated":true}]}}