{"id":10566,"date":"2021-12-15T20:30:06","date_gmt":"2021-12-16T01:30:06","guid":{"rendered":"https:\/\/www.kpnsafety.com\/colombia\/product\/motobomba-portatil-vf-t-bh1-4h-con-sist-cebado-manual\/"},"modified":"2026-04-01T10:31:03","modified_gmt":"2026-04-01T15:31:03","slug":"motobomba-portatil-bh1-con-bomba-de-cebado","status":"publish","type":"product","link":"https:\/\/www.kpnsafety.com\/colombia\/product\/motobomba-portatil-bh1-con-bomba-de-cebado\/","title":{"rendered":"MOTOBOMBA PORT\u00c1TIL BH1 CON BOMBA DE CEBADO"},"content":{"rendered":"<div class=\"titles3 titles--black\">\n<div class=\"title\"><strong>Transporte confortable<\/strong><\/div>\n<div class=\"title\">Gracias a su peso de solo 9,5kg en seco, puede ser f\u00e1cilmente transportada en una mochila de carga, o mediante su asa ergon\u00f3mica.<\/div>\n<div><\/div>\n<\/div>\n<div class=\"titles3 titles--black\">\n<div class=\"title\"><strong>Hecha para durar<\/strong><\/div>\n<div class=\"subtitle\">Construida en aleaci\u00f3n de aluminio, con componentes de alta calidad y disponibilidad de recambios. Su base de polietileno cuenta con elementos antivibratorios (silentblock) para una mayor protecci\u00f3n.<\/div>\n<\/div>\n<div><\/div>\n<div>\n<div class=\"titles3 titles--black\">\n<div class=\"title\"><strong>Motor Honda GXH50<\/strong><\/div>\n<div class=\"subtitle\">Motor de combusti\u00f3n de 4 tiempos alimentado con gasolina, con certificaciones CARB y EPA. Incorpora un embrague para arranque f\u00e1cil, y que permite detener la descarga de agua sin parar el motor.<\/div>\n<div><\/div>\n<\/div>\n<div>\n<div class=\"titles3 titles--black\">\n<div class=\"title\"><strong>Bomba centr\u00edfuga de 1 etapa<\/strong><\/div>\n<\/div>\n<ul>\n<li>Compacta, eficiente y fiable.<\/li>\n<li>Fabricada en aluminio anticorrosivo y endurecido.<\/li>\n<li>Ejes inoxidables sobre el cig\u00fce\u00f1al del motor.<\/li>\n<li>Sellos mec\u00e1nicos de alta calidad y turbinas de aluminio.<\/li>\n<li>Bomba de 1 etapa compatible con espum\u00f3geno.<\/li>\n<\/ul>\n<div class=\"titles3 titles--black\">\n<div class=\"title\"><strong>Dos configuraciones posibles:<\/strong><\/div>\n<ul>\n<li class=\"subtitle\">Con bomba de cebado manual<\/li>\n<li class=\"subtitle\">Sin bomba de cebado manual<\/li>\n<\/ul>\n<\/div>\n<\/div>\n<\/div>\n","protected":false},"excerpt":{"rendered":"<p>Nueva\u00a0<strong>motobomba port\u00e1til BH1 con bomba de cebado (<\/strong>REF DVD3004-14T1A), equipada con una bomba centr\u00edfuga de 1 etapa y un motor Honda de 4 tiempos que ofrece un <strong>rendimiento m\u00e1ximo de 6,9 bar de presi\u00f3n y 260l\/min<\/strong>.\u00a0 Una combinaci\u00f3n poderosa y equilibrada, perfecta para maniobras de ataque directo con tendido de mangueras, autoprotecci\u00f3n con aspersores y bombeo en t\u00e1ndem de motobombas a largas distancias.<\/p>\n<p>&nbsp;<\/p>\n<p><strong>Tiempo de entrega de 45 a 60 d\u00edas si no se cuenta con stock<\/strong><\/p>\n<p><strong>Consulte disponibilidad con nuestros asesores especializados<\/strong><\/p>\n<p>&nbsp;<\/p>\n<p><a href=\"https:\/\/api.whatsapp.com\/send?phone=573147862881\" target=\"_blank\" rel=\"noopener\"><button class=\"boton\">Contactar un asesor<\/button><\/a><\/p>\n<p><a href=\"https:\/\/www.kpnsafety.com\/colombia\/contactanos\/\" target=\"_blank\" rel=\"noopener\"><button class=\"boton\">Solicitar presupuesto<\/button><\/a><\/p>\n","protected":false},"featured_media":15389,"comment_status":"closed","ping_status":"closed","template":"","meta":[],"product_brand":[],"product_cat":[355,131,517,171,174],"product_tag":[],"class_list":{"0":"post-10566","1":"product","2":"type-product","3":"status-publish","4":"has-post-thumbnail","6":"product_cat-bomberos-forestales","7":"product_cat-bomberos-y-emergencias","8":"product_cat-equipos-especializados","9":"product_cat-herramientas-forestales","10":"product_cat-kits-de-extincion-y-bombas","12":"first","13":"instock","14":"taxable","15":"shipping-taxable","16":"purchasable","17":"product-type-simple"},"_links":{"self":[{"href":"https:\/\/www.kpnsafety.com\/colombia\/wp-json\/wp\/v2\/product\/10566","targetHints":{"allow":["GET"]}}],"collection":[{"href":"https:\/\/www.kpnsafety.com\/colombia\/wp-json\/wp\/v2\/product"}],"about":[{"href":"https:\/\/www.kpnsafety.com\/colombia\/wp-json\/wp\/v2\/types\/product"}],"replies":[{"embeddable":true,"href":"https:\/\/www.kpnsafety.com\/colombia\/wp-json\/wp\/v2\/comments?post=10566"}],"wp:featuredmedia":[{"embeddable":true,"href":"https:\/\/www.kpnsafety.com\/colombia\/wp-json\/wp\/v2\/media\/15389"}],"wp:attachment":[{"href":"https:\/\/www.kpnsafety.com\/colombia\/wp-json\/wp\/v2\/media?parent=10566"}],"wp:term":[{"taxonomy":"product_brand","embeddable":true,"href":"https:\/\/www.kpnsafety.com\/colombia\/wp-json\/wp\/v2\/product_brand?post=10566"},{"taxonomy":"product_cat","embeddable":true,"href":"https:\/\/www.kpnsafety.com\/colombia\/wp-json\/wp\/v2\/product_cat?post=10566"},{"taxonomy":"product_tag","embeddable":true,"href":"https:\/\/www.kpnsafety.com\/colombia\/wp-json\/wp\/v2\/product_tag?post=10566"}],"curies":[{"name":"wp","href":"https:\/\/api.w.org\/{rel}","templated":true}]}}