{"id":11893,"date":"2023-02-16T14:59:10","date_gmt":"2023-02-16T19:59:10","guid":{"rendered":"https:\/\/www.kpnsafety.com\/colombia\/?post_type=product&#038;p=11893"},"modified":"2025-11-06T12:33:27","modified_gmt":"2025-11-06T17:33:27","slug":"overol-ignifugo-hidrocarburos-categoria-2","status":"publish","type":"product","link":"https:\/\/www.kpnsafety.com\/colombia\/product\/overol-ignifugo-hidrocarburos-categoria-2\/","title":{"rendered":"Overol Ignifugo Hidrocarburos Categor\u00eda 2"},"content":{"rendered":"<div class=\"wpb-content-wrapper\"><p>[vc_row][vc_column][vc_column_text]<strong>Caracter\u00edsticas Overoles de seguridad<\/strong><\/p>\n<ul>\n<li>\u00a0<span class=\"fontstyle0\">Resistencia a la energ\u00eda incidente que se libera cuando ocurre un arco el\u00e9ctrico; norma ASTM F1959.<\/span><\/li>\n<li><span class=\"fontstyle0\">Resistencia contra el fuego repentino, la tela no entra en ignici\u00f3n, no se derrite y no se funde; norma ASTM F1930.<\/span><\/li>\n<li><span class=\"fontstyle0\">Evita la ignici\u00f3n de la tela al contacto con metales ferrosos incadescentes; Norma ASTM D6413.<\/span><\/li>\n<li><span class=\"fontstyle0\">Las anteriores caracter\u00edsticas est\u00e1n grantizadas por toda la vida \u00fatil de la prenda.\u00a0<\/span><\/li>\n<li><span class=\"fontstyle0\">Certificacion NFPA 2112 (ASTM F1930) en porcentaje de quemadura menor a 10%.<\/span><\/li>\n<\/ul>\n<p><span class=\"fontstyle0\"><strong>COMPOSICI\u00d3N DE LA TELA<\/strong><br \/>\n<\/span><\/p>\n<ul>\n<li><span class=\"fontstyle2\">Textil Ultrasoft 7 onzas.<br \/>\n<\/span><\/li>\n<li><span class=\"fontstyle2\">Composici\u00f3n: 88% algod\u00f3n tratado &#8211;<br \/>\n<\/span><\/li>\n<li><span class=\"fontstyle2\">12% nylon de alta tenacidad.<br \/>\n<\/span><\/li>\n<li><span class=\"fontstyle2\">Protecci\u00f3n de arco el\u00e9ctrico ATPV 8.7\u00a0<\/span><span class=\"fontstyle2\">cal\/cm\u00b2.<br \/>\n<\/span><\/li>\n<li><span class=\"fontstyle2\">Categoria II<\/span><\/li>\n<\/ul>\n<p><a href=\"https:\/\/api.whatsapp.com\/send?phone=573147862881\" rel=\"noopener noreferrer\" target=\"_blank\"><button class=\"boton\">COTIZAR AHORA<\/button><\/a><\/p>\n<\/div>","protected":false},"excerpt":{"rendered":"<h2>Overoles ign\u00edfugos para hidrocarburos<\/h2>\n<h3>Referencia: CHEC-T INDURA<br \/>\nMarca: Nacional<\/h3>\n<p>Este <strong>overol de seguridad para hidrocarburos<\/strong> de 7 Onzas NFPA 2112 ofrece una resistencia contra la llama garantizada durante toda la vida de la prenda. Apropiado para toda una serie de aplicaciones, este art\u00edculo proporciona protecci\u00f3n contra calor convectivo y radiante. La cinta reflectante resistente a la llama proporciona una mayor visibilidad en condiciones de poca luz.<\/p>\n<p>Textil Ultrasoft 7 Onzas<\/p>\n<p>Composici\u00f3n: 88% algod\u00f3n tratado 12% nylon de alta tenacidad<\/p>\n<p>Protecci\u00f3n de arco el\u00e9ctrico ATPV 8.7 cal\/cm.<\/p>\n<p>Categor\u00eda 2<\/p>\n<p>Certificaci\u00f3n: NFPA2112 (ASTM F1930)<\/p>\n<p><strong>Tiempo de entrega de 8 a 10 d\u00edas h\u00e1biles si no se encuentra en stock<\/strong><\/p>\n<p><strong>1 A\u00f1o de Garant\u00eda con KPN<\/strong><\/p>\n<p><a href=\"https:\/\/api.whatsapp.com\/send?phone=573147862881\" target=\"_blank\" rel=\"noopener\"><button class=\"boton\">Contactar un asesor<\/button><\/a><\/p>\n<p><a href=\"https:\/\/www.kpnsafety.com\/colombia\/contactanos\/\" target=\"_blank\" rel=\"noopener\"><button class=\"boton\">Solicitar presupuesto<\/button><\/a><\/p>\n","protected":false},"featured_media":11515,"comment_status":"closed","ping_status":"closed","template":"","meta":[],"product_brand":[],"product_cat":[187,190,127,130,129],"product_tag":[],"class_list":{"0":"post-11893","1":"product","2":"type-product","3":"status-publish","4":"has-post-thumbnail","6":"product_cat-arco-electrico","7":"product_cat-prendas-ignifugas","8":"product_cat-proteccion-corporal","9":"product_cat-seguridad-electrica","10":"product_cat-seguridad-industrial","12":"first","13":"instock","14":"taxable","15":"shipping-taxable","16":"purchasable","17":"product-type-variable"},"_links":{"self":[{"href":"https:\/\/www.kpnsafety.com\/colombia\/wp-json\/wp\/v2\/product\/11893","targetHints":{"allow":["GET"]}}],"collection":[{"href":"https:\/\/www.kpnsafety.com\/colombia\/wp-json\/wp\/v2\/product"}],"about":[{"href":"https:\/\/www.kpnsafety.com\/colombia\/wp-json\/wp\/v2\/types\/product"}],"replies":[{"embeddable":true,"href":"https:\/\/www.kpnsafety.com\/colombia\/wp-json\/wp\/v2\/comments?post=11893"}],"wp:featuredmedia":[{"embeddable":true,"href":"https:\/\/www.kpnsafety.com\/colombia\/wp-json\/wp\/v2\/media\/11515"}],"wp:attachment":[{"href":"https:\/\/www.kpnsafety.com\/colombia\/wp-json\/wp\/v2\/media?parent=11893"}],"wp:term":[{"taxonomy":"product_brand","embeddable":true,"href":"https:\/\/www.kpnsafety.com\/colombia\/wp-json\/wp\/v2\/product_brand?post=11893"},{"taxonomy":"product_cat","embeddable":true,"href":"https:\/\/www.kpnsafety.com\/colombia\/wp-json\/wp\/v2\/product_cat?post=11893"},{"taxonomy":"product_tag","embeddable":true,"href":"https:\/\/www.kpnsafety.com\/colombia\/wp-json\/wp\/v2\/product_tag?post=11893"}],"curies":[{"name":"wp","href":"https:\/\/api.w.org\/{rel}","templated":true}]}}