{"id":12188,"date":"2023-05-24T12:10:59","date_gmt":"2023-05-24T17:10:59","guid":{"rendered":"https:\/\/www.kpnsafety.com\/colombia\/?post_type=product&#038;p=12188"},"modified":"2026-02-18T17:41:34","modified_gmt":"2026-02-18T22:41:34","slug":"guante-hyflex-11-801","status":"publish","type":"product","link":"https:\/\/www.kpnsafety.com\/colombia\/product\/guante-hyflex-11-801\/","title":{"rendered":"GUANTE HYFLEX\u00ae 11-801"},"content":{"rendered":"<div class=\"wpb-content-wrapper\"><p>[vc_row][vc_column][vc_column_text]<\/p>\n<ul>\n<li>Los guantes Ansell HyFlex<sup>\u00ae<\/sup>\u00a011-801 son ideales para aplicaciones secas o ligeramente aceitosas donde se requiera una cierta protecci\u00f3n mec\u00e1nica y altos niveles de tacto durante la manipulaci\u00f3n.<\/li>\n<li>Se aconseja su uso en aplicaciones de montaje ligero, as\u00ed como para las necesidades de log\u00edstica y almac\u00e9n.<\/li>\n<li>Gracias al tejido el\u00e1stico spandex se evita el riesgo de alergias al l\u00e1tex, y el revestimiento sin silicona reduce la posible contaminaci\u00f3n de los productos.<\/li>\n<\/ul>\n<h5 class=\"d-none d-xl-block\">APLICACIONES IDEALES<\/h5>\n<ul>\n<li>Recolecci\u00f3n y fijaci\u00f3n de componentes y piezas<\/li>\n<li>Ajuste de sistemas y atornillado<\/li>\n<li>Carga y descarga de camiones y veh\u00edculos<\/li>\n<li>Manipulaci\u00f3n de mercanc\u00edas<\/li>\n<li>Env\u00edo, transporte y entrega de productos<\/li>\n<li>Cerrajer\u00eda<\/li>\n<\/ul>\n<h5 class=\"d-none d-xl-block\">INDUSTRIAS PRIMARIAS<\/h5>\n<ul>\n<li>Automotriz<\/li>\n<li>Maquinaria y Equipo<\/li>\n<li>Fabricaci\u00f3n de Metal<\/li>\n<li>Qu\u00edmico<\/li>\n<\/ul>\n<p>[\/vc_column_text][\/vc_column][\/vc_row]<\/p>\n<\/div>","protected":false},"excerpt":{"rendered":"<p>Guante HYFLEX, Su dise\u00f1o mejorado ofrece hasta un 30% m\u00e1s de transpirabilidad. Para un confort diario, durante toda jornada.<\/p>\n<h5>CARACTER\u00cdSTICAS Y VENTAJAS CLAVES<\/h5>\n<ul>\n<li>Su forro m\u00e1s oscuro es id\u00f3neo para entornos sucios o ligeramente engrasados, mejorando su vida \u00fatil.<\/li>\n<li>Nuestro legendario recubrimiento de espuma, pionero en el mercado, ofrece m\u00e1s transpirabilidad lo que lo vuelve m\u00e1s c\u00f3modo para el usuario.<\/li>\n<li>El guante se somete a un proceso de lavado exclusivo que extrae eficazmente las impurezas, creando as\u00ed un guante m\u00e1s limpio y m\u00e1s c\u00f3modo. Certificado independientemente como inocuo para la piel por el sistema de comprobaci\u00f3n y certificaci\u00f3n Oeko-Tex<sup>\u00ae.<\/sup><\/li>\n<li>Disponible tambi\u00e9n en paquetes de distribuci\u00f3n autom\u00e1tica.<\/li>\n<\/ul>\n<p>&nbsp;<\/p>\n<p><a href=\"https:\/\/api.whatsapp.com\/send?phone=573147862881\" target=\"_blank\" rel=\"noopener\"><button class=\"boton\">Contactar un asesor<\/button><\/a><\/p>\n<p><a href=\"https:\/\/www.kpnsafety.com\/colombia\/contactanos\/\" target=\"_blank\" rel=\"noopener\"><button class=\"boton\">Solicitar presupuesto<\/button><\/a><\/p>\n","protected":false},"featured_media":12191,"comment_status":"closed","ping_status":"closed","template":"","meta":[],"product_brand":[],"product_cat":[117,151,115],"product_tag":[506,504,503,232,207],"class_list":{"0":"post-12188","1":"product","2":"type-product","3":"status-publish","4":"has-post-thumbnail","6":"product_cat-guantes-anti-corte","7":"product_cat-guantes-industriales","8":"product_cat-proteccion-manual","9":"product_tag-abrasion","10":"product_tag-guante-industrial","11":"product_tag-guante-soldador","12":"product_tag-guantes","13":"product_tag-seguridad-industrial","15":"first","16":"instock","17":"taxable","18":"shipping-taxable","19":"purchasable","20":"product-type-variable"},"_links":{"self":[{"href":"https:\/\/www.kpnsafety.com\/colombia\/wp-json\/wp\/v2\/product\/12188","targetHints":{"allow":["GET"]}}],"collection":[{"href":"https:\/\/www.kpnsafety.com\/colombia\/wp-json\/wp\/v2\/product"}],"about":[{"href":"https:\/\/www.kpnsafety.com\/colombia\/wp-json\/wp\/v2\/types\/product"}],"replies":[{"embeddable":true,"href":"https:\/\/www.kpnsafety.com\/colombia\/wp-json\/wp\/v2\/comments?post=12188"}],"wp:featuredmedia":[{"embeddable":true,"href":"https:\/\/www.kpnsafety.com\/colombia\/wp-json\/wp\/v2\/media\/12191"}],"wp:attachment":[{"href":"https:\/\/www.kpnsafety.com\/colombia\/wp-json\/wp\/v2\/media?parent=12188"}],"wp:term":[{"taxonomy":"product_brand","embeddable":true,"href":"https:\/\/www.kpnsafety.com\/colombia\/wp-json\/wp\/v2\/product_brand?post=12188"},{"taxonomy":"product_cat","embeddable":true,"href":"https:\/\/www.kpnsafety.com\/colombia\/wp-json\/wp\/v2\/product_cat?post=12188"},{"taxonomy":"product_tag","embeddable":true,"href":"https:\/\/www.kpnsafety.com\/colombia\/wp-json\/wp\/v2\/product_tag?post=12188"}],"curies":[{"name":"wp","href":"https:\/\/api.w.org\/{rel}","templated":true}]}}