{"id":12638,"date":"2023-09-05T12:32:58","date_gmt":"2023-09-05T17:32:58","guid":{"rendered":"https:\/\/www.kpnsafety.com\/colombia\/?post_type=product&#038;p=12638"},"modified":"2025-10-23T11:14:58","modified_gmt":"2025-10-23T16:14:58","slug":"manguera-contra-incendios","status":"publish","type":"product","link":"https:\/\/www.kpnsafety.com\/colombia\/product\/manguera-contra-incendios\/","title":{"rendered":"Manguera contra incendios de 2\u00bd&#8221;pulgadas"},"content":{"rendered":"<p>Manguera contra incendios de 2\u00bd&#8221;pulgadas de doble camisa con camisas de poli\u00e9ster y forro de NBR\/PVC.<\/p>\n<h3><strong>Prestaciones:<\/strong><\/h3>\n<ul>\n<li>Alta resistencia a la rotura gracias a su construcci\u00f3n de doble chaqueta.<\/li>\n<li>Muy resistente a la abrasi\u00f3n.<\/li>\n<li>F\u00e1cil de enrollar y manipular.<\/li>\n<li>Marcado personalizado bajo pedido m\u00ednimo.<\/li>\n<li>Disponible con distintas aprobaciones internacionales<\/li>\n<\/ul>\n<h4><strong>Usos:<\/strong><\/h4>\n<ul>\n<li>Extinci\u00f3n de incendios en condiciones muy extremas.<\/li>\n<li>Industria pesada.<\/li>\n<li>Refiner\u00edas.<\/li>\n<li>Uso marino en buques y plataformas.<\/li>\n<\/ul>\n<h4><strong>Construcci\u00f3n:<\/strong><\/h4>\n<p><strong>Manch\u00f3n Interior:<\/strong><br \/>\nManch\u00f3n especial fabricado en caucho sint\u00e9tico. M\u00ednima p\u00e9rdida de carga gracias a sus paredes lisas.<\/p>\n<p><strong>Tejido intermedio (primera chaqueta):<\/strong><br \/>\nChaqueta fabricada en telar circular con estructura plana con hilo de poli\u00e9ster de alta tenacidad.<\/p>\n<p><strong>Tejido exterior (doble chaqueta):<\/strong><br \/>\nChaqueta fabricada en telar circular con hilo de poli\u00e9ster de alta tenacidad. Construcci\u00f3n textil inversa para evitar su torsi\u00f3n durante el uso.<br \/>\nTejido tipo plano reforzado. Libre de defectos, como hilos rotos, nudos, etc.<\/p>\n<p>&nbsp;<\/p>\n<p>Norma(s) de seguridad:<br \/>\nUL 19: mangueras contra incendios revestidas y conjuntos de mangueras.<br \/>\nCAN\/ULC-S511-07 &#8211; Manguera contra incendios revestida para tuber\u00edas verticales interiores y servicios de protecci\u00f3n contra incendios municipales e industriales.<\/p>\n","protected":false},"excerpt":{"rendered":"<p>Garantice la extinci\u00f3n efectiva de fuegos con equipos especializados.<\/p>\n<p>Manguera apta para uso en: refiner\u00edas, industria pesada, buques, plataformas mar\u00edtimas, bomberos y dem\u00e1s industrias susceptibles a extinci\u00f3n de incendios en condiciones extremas.<\/p>\n<p><strong>1 A\u00f1o de Garant\u00eda con KPN<\/strong><\/p>\n<p><a href=\"https:\/\/api.whatsapp.com\/send?phone=573147862881\" target=\"_blank\" rel=\"noopener\"><button class=\"boton\">Contactar un asesor<\/button><\/a><\/p>\n<p><a href=\"https:\/\/www.kpnsafety.com\/colombia\/contactanos\/\" target=\"_blank\" rel=\"noopener\"><button class=\"boton\">Solicitar presupuesto<\/button><\/a><\/p>\n","protected":false},"featured_media":12640,"comment_status":"closed","ping_status":"closed","template":"","meta":[],"product_brand":[],"product_cat":[355,131,517,129],"product_tag":[345,351,346,500,536,537],"class_list":{"0":"post-12638","1":"product","2":"type-product","3":"status-publish","4":"has-post-thumbnail","6":"product_cat-bomberos-forestales","7":"product_cat-bomberos-y-emergencias","8":"product_cat-equipos-especializados","9":"product_cat-seguridad-industrial","10":"product_tag-bomberos","11":"product_tag-bomberos-y-emergencias","12":"product_tag-equipos-bomberos-forestales","13":"product_tag-extincion-de-incendios","14":"product_tag-industria","15":"product_tag-refinerias","17":"first","18":"instock","19":"taxable","20":"shipping-taxable","21":"purchasable","22":"product-type-simple"},"_links":{"self":[{"href":"https:\/\/www.kpnsafety.com\/colombia\/wp-json\/wp\/v2\/product\/12638","targetHints":{"allow":["GET"]}}],"collection":[{"href":"https:\/\/www.kpnsafety.com\/colombia\/wp-json\/wp\/v2\/product"}],"about":[{"href":"https:\/\/www.kpnsafety.com\/colombia\/wp-json\/wp\/v2\/types\/product"}],"replies":[{"embeddable":true,"href":"https:\/\/www.kpnsafety.com\/colombia\/wp-json\/wp\/v2\/comments?post=12638"}],"wp:featuredmedia":[{"embeddable":true,"href":"https:\/\/www.kpnsafety.com\/colombia\/wp-json\/wp\/v2\/media\/12640"}],"wp:attachment":[{"href":"https:\/\/www.kpnsafety.com\/colombia\/wp-json\/wp\/v2\/media?parent=12638"}],"wp:term":[{"taxonomy":"product_brand","embeddable":true,"href":"https:\/\/www.kpnsafety.com\/colombia\/wp-json\/wp\/v2\/product_brand?post=12638"},{"taxonomy":"product_cat","embeddable":true,"href":"https:\/\/www.kpnsafety.com\/colombia\/wp-json\/wp\/v2\/product_cat?post=12638"},{"taxonomy":"product_tag","embeddable":true,"href":"https:\/\/www.kpnsafety.com\/colombia\/wp-json\/wp\/v2\/product_tag?post=12638"}],"curies":[{"name":"wp","href":"https:\/\/api.w.org\/{rel}","templated":true}]}}