{"id":8569,"date":"2020-09-08T11:26:45","date_gmt":"2020-09-08T16:26:45","guid":{"rendered":"https:\/\/www.kpnsafety.com\/colombia\/?post_type=product&#038;p=8569"},"modified":"2026-04-01T10:36:26","modified_gmt":"2026-04-01T15:36:26","slug":"mochila-extintora-20l","status":"publish","type":"product","link":"https:\/\/www.kpnsafety.com\/colombia\/product\/mochila-extintora-20l\/","title":{"rendered":"Mochila extintora 20L"},"content":{"rendered":"<p>Ergon\u00f3mica<br \/>\nMochila extintora flexible, con dep\u00f3sito protegido, cintur\u00f3n personalizable y cinchas acolchadas, dise\u00f1ada para facilitar el trabajo de extinci\u00f3n y mejorar la comodidad.<\/p>\n<p>Doble asa de asistencia<br \/>\nDoble asa de asistencia en carga. Cordura 1000 Naranja alta visibilidad, cintas reflectantes.<\/p>\n<p>Sistema de conexi\u00f3n\/desconexi\u00f3n rapido<br \/>\nSistema de conexi\u00f3n\/desconexi\u00f3n de manguera r\u00e1pida. Permite trabajar con la manguera en el lado derecho o izquierdo, a\u00f1adiendo a\u00fan mas versaitlidad al conjunto.<\/p>\n<p>Hombros y cintura acolchados<br \/>\nCinchas de hombros y cintura acolchados, ergon\u00f3micos y de color naranja de alta visibilidad. Cinta de sujeci\u00f3n para el pecho.<\/p>\n","protected":false},"excerpt":{"rendered":"<p>Referencia: BVB0101-AAA0A<\/p>\n<p>La mochila extintora supone un avance hacia los equipamientos ergon\u00f3micos para incendios forestales, que aportan comodidad, seguridad y un mayor rendimiento en el trabajo con herramientas manuales.<\/p>\n<p>&nbsp;<\/p>\n<p><strong>Tiempo de entrega de 45 a 60 d\u00edas si no se cuenta con stock<\/strong><\/p>\n<p><strong>Consulte disponibilidad con nuestros asesores especializados<\/strong><\/p>\n<p><strong>1 A\u00f1o de Garant\u00eda con KPN<\/strong><\/p>\n<p><a href=\"https:\/\/api.whatsapp.com\/send?phone=573147862881\" target=\"_blank\" rel=\"noopener\"><button class=\"boton\">Contactar un asesor<\/button><\/a><\/p>\n<p><a href=\"https:\/\/www.kpnsafety.com\/colombia\/contactanos\/\" target=\"_blank\" rel=\"noopener\"><button class=\"boton\">Solicitar presupuesto<\/button><\/a><\/p>\n","protected":false},"featured_media":15393,"comment_status":"closed","ping_status":"closed","template":"","meta":[],"product_brand":[],"product_cat":[131,171,165],"product_tag":[],"class_list":{"0":"post-8569","1":"product","2":"type-product","3":"status-publish","4":"has-post-thumbnail","6":"product_cat-bomberos-y-emergencias","7":"product_cat-herramientas-forestales","8":"product_cat-mochilas-extintoras","9":"vtmin_rule_category-minimum-purchase-category","11":"first","12":"instock","13":"taxable","14":"shipping-taxable","15":"purchasable","16":"product-type-simple"},"_links":{"self":[{"href":"https:\/\/www.kpnsafety.com\/colombia\/wp-json\/wp\/v2\/product\/8569","targetHints":{"allow":["GET"]}}],"collection":[{"href":"https:\/\/www.kpnsafety.com\/colombia\/wp-json\/wp\/v2\/product"}],"about":[{"href":"https:\/\/www.kpnsafety.com\/colombia\/wp-json\/wp\/v2\/types\/product"}],"replies":[{"embeddable":true,"href":"https:\/\/www.kpnsafety.com\/colombia\/wp-json\/wp\/v2\/comments?post=8569"}],"wp:featuredmedia":[{"embeddable":true,"href":"https:\/\/www.kpnsafety.com\/colombia\/wp-json\/wp\/v2\/media\/15393"}],"wp:attachment":[{"href":"https:\/\/www.kpnsafety.com\/colombia\/wp-json\/wp\/v2\/media?parent=8569"}],"wp:term":[{"taxonomy":"product_brand","embeddable":true,"href":"https:\/\/www.kpnsafety.com\/colombia\/wp-json\/wp\/v2\/product_brand?post=8569"},{"taxonomy":"product_cat","embeddable":true,"href":"https:\/\/www.kpnsafety.com\/colombia\/wp-json\/wp\/v2\/product_cat?post=8569"},{"taxonomy":"product_tag","embeddable":true,"href":"https:\/\/www.kpnsafety.com\/colombia\/wp-json\/wp\/v2\/product_tag?post=8569"}],"curies":[{"name":"wp","href":"https:\/\/api.w.org\/{rel}","templated":true}]}}