{"id":8629,"date":"2020-09-08T14:32:23","date_gmt":"2020-09-08T19:32:23","guid":{"rendered":"https:\/\/www.kpnsafety.com\/colombia\/?post_type=product&#038;p=8629"},"modified":"2025-10-14T17:12:28","modified_gmt":"2025-10-14T22:12:28","slug":"detectores-de-tension-electronico-media-tension-optico-y-acustico","status":"publish","type":"product","link":"https:\/\/www.kpnsafety.com\/colombia\/product\/detectores-de-tension-electronico-media-tension-optico-y-acustico\/","title":{"rendered":"DETECTOR DE TENSI\u00d3N ELECTR\u00d3NICO &#8211; ALTA  TENSI\u00d3N \/ \u00d3PTICO Y AC\u00daSTICO"},"content":{"rendered":"<p>Apagado autom\u00e1tico a modo de espera pasados dos minutos con ausencia de tensi\u00f3n.<br \/>\nEn este modo el consumo es de menos de 1 \u00b5A.<br \/>\nLa presencia de tensi\u00f3n se indica mediante LED rojo de alta luminosidad y zumbador de presi\u00f3n ac\u00fastica elevada. La ausencia de tensi\u00f3n se indica mediante LED verde de alta luminosidad.<br \/>\nAlimentaci\u00f3n mediante pila alcalina de 9V, tipo 6LR61. (incluida).<br \/>\nUso en interior y exterior mediante p\u00e9rtiga aislante adecuada al rango de tensi\u00f3n del detector. Acoplamiento a la p\u00e9rtiga mediante cabezal Universal. Suministrado en un malet\u00edn met\u00e1lico.<br \/>\n* Conforme a las normas IEC 61243:2003+A1:2009 y UNE-EN 61243-1:2006+A1:2011.<\/p>\n","protected":false},"excerpt":{"rendered":"<p>Referencia: VTA-45\/420U<br \/>\nMarca: SOFAMEL<\/p>\n<p>Mod. VTA-45\/420-U<br \/>\nTensi\u00f3n nominal: de 45 a 420 kV<br \/>\nFrecuencia: 50 Hz \/ 60 Hz<\/p>\n<p>Detector de tensi\u00f3n electr\u00f3nico con microcontrolador y detecci\u00f3n por contacto directo.<br \/>\nNueva adquisici\u00f3n de tecnolog\u00eda avanzada mediante luz de pulso que garantiza una se\u00f1al perfecta y segura incluso en entornos de campo el\u00e9ctrico conflictivos.<br \/>\nRango de temperatura de trabajo: de -25\u00b0 C a +55\u00b0 C.<br \/>\nSistema de autoverificaci\u00f3n para el circuito completo pulsando el bot\u00f3n de prueba. Autoignici\u00f3n con presencia de tensi\u00f3n.<\/p>\n<h3>&#8220;\u00daltimas Unidades&#8221;<\/h3>\n<p><strong>Tiempo de entrega de 45 a 60 d\u00edas si no se cuenta con stock<\/strong><\/p>\n<p><strong>Consulte disponibilidad con nuestros asesores especializados<\/strong><\/p>\n<p><strong>1 A\u00f1o de Garant\u00eda con KPN<\/strong><\/p>\n<p><a href=\"https:\/\/api.whatsapp.com\/send?phone=573147862881\" target=\"_blank\" rel=\"noopener\"><button class=\"boton\">Contactar un asesor<\/button><\/a><\/p>\n<p><a href=\"https:\/\/www.kpnsafety.com\/colombia\/contactanos\/\" target=\"_blank\" rel=\"noopener\"><button class=\"boton\">Solicitar presupuesto<\/button><\/a><\/p>\n","protected":false},"featured_media":8630,"comment_status":"closed","ping_status":"closed","template":"","meta":[],"product_brand":[],"product_cat":[170,130,570],"product_tag":[],"class_list":{"0":"post-8629","1":"product","2":"type-product","3":"status-publish","4":"has-post-thumbnail","6":"product_cat-detectores-de-tension","7":"product_cat-seguridad-electrica","8":"product_cat-stock-disponible-electrico","9":"vtmin_rule_category-minimum-purchase-category","11":"first","12":"instock","13":"featured","14":"taxable","15":"shipping-taxable","16":"purchasable","17":"product-type-simple"},"_links":{"self":[{"href":"https:\/\/www.kpnsafety.com\/colombia\/wp-json\/wp\/v2\/product\/8629","targetHints":{"allow":["GET"]}}],"collection":[{"href":"https:\/\/www.kpnsafety.com\/colombia\/wp-json\/wp\/v2\/product"}],"about":[{"href":"https:\/\/www.kpnsafety.com\/colombia\/wp-json\/wp\/v2\/types\/product"}],"replies":[{"embeddable":true,"href":"https:\/\/www.kpnsafety.com\/colombia\/wp-json\/wp\/v2\/comments?post=8629"}],"wp:featuredmedia":[{"embeddable":true,"href":"https:\/\/www.kpnsafety.com\/colombia\/wp-json\/wp\/v2\/media\/8630"}],"wp:attachment":[{"href":"https:\/\/www.kpnsafety.com\/colombia\/wp-json\/wp\/v2\/media?parent=8629"}],"wp:term":[{"taxonomy":"product_brand","embeddable":true,"href":"https:\/\/www.kpnsafety.com\/colombia\/wp-json\/wp\/v2\/product_brand?post=8629"},{"taxonomy":"product_cat","embeddable":true,"href":"https:\/\/www.kpnsafety.com\/colombia\/wp-json\/wp\/v2\/product_cat?post=8629"},{"taxonomy":"product_tag","embeddable":true,"href":"https:\/\/www.kpnsafety.com\/colombia\/wp-json\/wp\/v2\/product_tag?post=8629"}],"curies":[{"name":"wp","href":"https:\/\/api.w.org\/{rel}","templated":true}]}}