{"id":8648,"date":"2020-09-08T16:53:46","date_gmt":"2020-09-08T21:53:46","guid":{"rendered":"https:\/\/www.kpnsafety.com\/colombia\/?post_type=product&#038;p=8648"},"modified":"2026-03-27T11:00:21","modified_gmt":"2026-03-27T16:00:21","slug":"panoplia-de-salvamento","status":"publish","type":"product","link":"https:\/\/www.kpnsafety.com\/colombia\/product\/panoplia-de-salvamento\/","title":{"rendered":"Panoplia de salvamento SZ-51M"},"content":{"rendered":"<p><strong>Kit de Rescate El\u00e9ctrico Fijo o Panoplia de Salvamento Ref.690110<\/strong><\/p>\n<p>Formada por un tablero de 1 x 1,6 m que contiene los siguientes elementos:<\/p>\n<ul>\n<li>1 p\u00e9rtiga de salvamento BS-45<\/li>\n<li>1 detector de tensi\u00f3n con p\u00e9rtiga de 5-36 kV<\/li>\n<li>1 cofre pl\u00e1stico para guantes<\/li>\n<li>1 par de guantes clase 3<\/li>\n<li>1 cizalla corta cables aislada VC-300\/25<\/li>\n<li>1 pipeta<\/li>\n<li>1 banqueta aislante de 45 kV<\/li>\n<li>1 par de zapatillas aislantes<\/li>\n<li>1 placa de primeros auxilios<\/li>\n<li>1 placa de instrucciones<\/li>\n<\/ul>\n","protected":false},"excerpt":{"rendered":"<h2>Panoplia de salvamento o Kit de rescate el\u00e9ctrico<\/h2>\n<p>Referencia: SZ-51M<br \/>\nMarca: SOFAMEL<\/p>\n<p>En el caso de accidente el\u00e9ctrico, la rapidez de intervenci\u00f3n es fundamental.<br \/>\nLa panoplia contiene todos los \u00fatiles de salvamento en un \u00fanico lugar, accesible a todos los usuarios para una r\u00e1pida intervenci\u00f3n en caso de necesidad.<\/p>\n<p>&nbsp;<\/p>\n<p><strong>Tiempo de entrega de 45 a 60 d\u00edas si no se cuenta con stock<\/strong><\/p>\n<p><strong>Consulte disponibilidad con nuestros asesores especializados<\/strong><\/p>\n<p><a href=\"https:\/\/api.whatsapp.com\/send?phone=573147862881\" target=\"_blank\" rel=\"noopener\"><button class=\"boton\">Contactar un asesor<\/button><\/a><\/p>\n<p><a href=\"https:\/\/www.kpnsafety.com\/colombia\/contactanos\/\" target=\"_blank\" rel=\"noopener\"><button class=\"boton\">Solicitar presupuesto<\/button><\/a><\/p>\n<p>&nbsp;<\/p>\n","protected":false},"featured_media":8650,"comment_status":"closed","ping_status":"closed","template":"","meta":[],"product_brand":[],"product_cat":[517,335,176,130],"product_tag":[296,253,291,292,293,295,294,251,252],"class_list":{"0":"post-8648","1":"product","2":"type-product","3":"status-publish","4":"has-post-thumbnail","6":"product_cat-equipos-especializados","7":"product_cat-kits-de-rescate-y-panoplias","8":"product_cat-pertigas","9":"product_cat-seguridad-electrica","10":"product_tag-accidente-electricos","11":"product_tag-arco-electrico","12":"product_tag-kit-de-rescate","13":"product_tag-kit-de-rescate-electrico","14":"product_tag-kit-salvamento-electrico","15":"product_tag-pertigas","16":"product_tag-riesgo-electrico","17":"product_tag-seguridad-electrica","18":"product_tag-sofamel","19":"vtmin_rule_category-minimum-purchase-category","21":"first","22":"instock","23":"taxable","24":"shipping-taxable","25":"purchasable","26":"product-type-simple"},"_links":{"self":[{"href":"https:\/\/www.kpnsafety.com\/colombia\/wp-json\/wp\/v2\/product\/8648","targetHints":{"allow":["GET"]}}],"collection":[{"href":"https:\/\/www.kpnsafety.com\/colombia\/wp-json\/wp\/v2\/product"}],"about":[{"href":"https:\/\/www.kpnsafety.com\/colombia\/wp-json\/wp\/v2\/types\/product"}],"replies":[{"embeddable":true,"href":"https:\/\/www.kpnsafety.com\/colombia\/wp-json\/wp\/v2\/comments?post=8648"}],"wp:featuredmedia":[{"embeddable":true,"href":"https:\/\/www.kpnsafety.com\/colombia\/wp-json\/wp\/v2\/media\/8650"}],"wp:attachment":[{"href":"https:\/\/www.kpnsafety.com\/colombia\/wp-json\/wp\/v2\/media?parent=8648"}],"wp:term":[{"taxonomy":"product_brand","embeddable":true,"href":"https:\/\/www.kpnsafety.com\/colombia\/wp-json\/wp\/v2\/product_brand?post=8648"},{"taxonomy":"product_cat","embeddable":true,"href":"https:\/\/www.kpnsafety.com\/colombia\/wp-json\/wp\/v2\/product_cat?post=8648"},{"taxonomy":"product_tag","embeddable":true,"href":"https:\/\/www.kpnsafety.com\/colombia\/wp-json\/wp\/v2\/product_tag?post=8648"}],"curies":[{"name":"wp","href":"https:\/\/api.w.org\/{rel}","templated":true}]}}