{"id":8722,"date":"2020-09-10T10:44:11","date_gmt":"2020-09-10T15:44:11","guid":{"rendered":"https:\/\/www.kpnsafety.com\/colombia\/?post_type=product&#038;p=8722"},"modified":"2026-02-18T17:03:49","modified_gmt":"2026-02-18T22:03:49","slug":"equipo-puesta-tierra-lineas-areas-de-media-tension-pinzas-automaticas","status":"publish","type":"product","link":"https:\/\/www.kpnsafety.com\/colombia\/product\/equipo-puesta-tierra-lineas-areas-de-media-tension-pinzas-automaticas\/","title":{"rendered":"EQUIPO PUESTA TIERRA LINEAS AEREAS DE MEDIA TENSION &#8211; PINZAS AUTOMATICAS"},"content":{"rendered":"<p>Compuesto por:<\/p>\n<p>3 pinzas PCA-25 de aleaci\u00f3n de aluminio de cierre por activaci\u00f3n autom\u00e1tica y asegurado por apriete mec\u00e1nico. Para conductores cil\u00edndricos de di\u00e1metro comprendido entre 6 y 25 mm.<br \/>\n1 plato portapinzas con gancho de recuperaci\u00f3n.<br \/>\n2 cables de cobre de 2,5 m de largo con cubierta aislante de PVC y de secci\u00f3n seg\u00fan modelo (16, 25, 35 mm2)<br \/>\n1 cable de cobre de 15,0 m de largo con cubierta de PVC y de secci\u00f3n seg\u00fan modelo (16, 16, 25 mm2)<br \/>\n1 carrete met\u00e1lico para alojar los 15 metros de cable de puesta a tierra.<br \/>\n1 p\u00e9rtiga telesc\u00f3pica (1,10 m replegada y 2 m extendida).<br \/>\n1 piqueta de puesta a tierra.<br \/>\n1 cofre de pl\u00e1stico para el transporte y almacenamiento del equipo.<br \/>\n1 funda para el transporte de la p\u00e9rtiga y la piqueta.<\/p>\n<p>&nbsp;<\/p>\n","protected":false},"excerpt":{"rendered":"<p>Referencia: PATL-PCA-25-3\/1616<br \/>\nMarca: Sofamel<\/p>\n<p>Equipo de puesta a tierra y cortocircuito para l\u00edneas a\u00e9reas de media tensi\u00f3n.<br \/>\nEl objetivo principal de su instalaci\u00f3n es la protecci\u00f3n del trabajador ante la puesta en funcionamiento accidental o un posible retorno de tensi\u00f3n durante los trabajos de reparaci\u00f3n.<br \/>\nLa pinza PCA-25 se instala sobre el conductor mediante muelle de presi\u00f3n y apriete mec\u00e1nico para asegurar el contacto y se extrae mediante un gancho de recuperaci\u00f3n. Las tres pinzas se pueden colocar al mismo tiempo gracias al plato portapinzas, facilitando as\u00ed el trabajo del operario.<\/p>\n<p>Conforme a la norma IEC 61230.<\/p>\n<p>&nbsp;<\/p>\n<p>&nbsp;<\/p>\n<p><strong>Tiempo de entrega de 45 a 60 d\u00edas si no se cuenta con stock<\/strong><\/p>\n<p><strong>Consulte disponibilidad con nuestros asesores especializados<\/strong><\/p>\n<p>&nbsp;<\/p>\n<p><a href=\"https:\/\/api.whatsapp.com\/send?phone=573147862881\" target=\"_blank\" rel=\"noopener\"><button class=\"boton\">Contactar un asesor<\/button><\/a><\/p>\n<p><a href=\"https:\/\/www.kpnsafety.com\/colombia\/contactanos\/\" target=\"_blank\" rel=\"noopener\"><button class=\"boton\">Solicitar presupuesto<\/button><\/a><\/p>\n","protected":false},"featured_media":8724,"comment_status":"closed","ping_status":"closed","template":"","meta":[],"product_brand":[],"product_cat":[517,199,130],"product_tag":[],"class_list":{"0":"post-8722","1":"product","2":"type-product","3":"status-publish","4":"has-post-thumbnail","6":"product_cat-equipos-especializados","7":"product_cat-puestas-a-tierra","8":"product_cat-seguridad-electrica","9":"vtmin_rule_category-minimum-purchase-category","11":"first","12":"instock","13":"taxable","14":"shipping-taxable","15":"product-type-simple"},"_links":{"self":[{"href":"https:\/\/www.kpnsafety.com\/colombia\/wp-json\/wp\/v2\/product\/8722","targetHints":{"allow":["GET"]}}],"collection":[{"href":"https:\/\/www.kpnsafety.com\/colombia\/wp-json\/wp\/v2\/product"}],"about":[{"href":"https:\/\/www.kpnsafety.com\/colombia\/wp-json\/wp\/v2\/types\/product"}],"replies":[{"embeddable":true,"href":"https:\/\/www.kpnsafety.com\/colombia\/wp-json\/wp\/v2\/comments?post=8722"}],"wp:featuredmedia":[{"embeddable":true,"href":"https:\/\/www.kpnsafety.com\/colombia\/wp-json\/wp\/v2\/media\/8724"}],"wp:attachment":[{"href":"https:\/\/www.kpnsafety.com\/colombia\/wp-json\/wp\/v2\/media?parent=8722"}],"wp:term":[{"taxonomy":"product_brand","embeddable":true,"href":"https:\/\/www.kpnsafety.com\/colombia\/wp-json\/wp\/v2\/product_brand?post=8722"},{"taxonomy":"product_cat","embeddable":true,"href":"https:\/\/www.kpnsafety.com\/colombia\/wp-json\/wp\/v2\/product_cat?post=8722"},{"taxonomy":"product_tag","embeddable":true,"href":"https:\/\/www.kpnsafety.com\/colombia\/wp-json\/wp\/v2\/product_tag?post=8722"}],"curies":[{"name":"wp","href":"https:\/\/api.w.org\/{rel}","templated":true}]}}