{"id":8853,"date":"2020-09-11T09:59:41","date_gmt":"2020-09-11T14:59:41","guid":{"rendered":"https:\/\/www.kpnsafety.com\/colombia\/?post_type=product&#038;p=8853"},"modified":"2026-01-20T17:16:51","modified_gmt":"2026-01-20T22:16:51","slug":"overoles-ignifugos-categoria2","status":"publish","type":"product","link":"https:\/\/www.kpnsafety.com\/colombia\/product\/overoles-ignifugos-categoria2\/","title":{"rendered":"Overol Ignifugo Riesgo El\u00e9ctrico Categor\u00eda 2"},"content":{"rendered":"<div class=\"wpb-content-wrapper\"><p>[vc_row][vc_column][vc_column_text]<strong>Caracter\u00edsticas Overoles de seguridad<\/strong><\/p>\n<ul>\n<li>\u00a0<span class=\"fontstyle0\">Resistencia a la energ\u00eda incidente que se libera cuando ocurre un arco el\u00e9ctrico; norma ASTM F1959.<\/span><\/li>\n<li><span class=\"fontstyle0\">Resistencia contra el fuego repentino, la tela no entra en ignici\u00f3n, no se derrite y no se funde; norma ASTM F1930.<\/span><\/li>\n<li><span class=\"fontstyle0\">Evita la ignici\u00f3n de la tela al contacto con metales ferrosos incadescentes; Norma ASTM D6413.<\/span><\/li>\n<li><span class=\"fontstyle0\">Las anteriores caracter\u00edsticas est\u00e1n grantizadas por toda la vida \u00fatil de la prenda.\u00a0<\/span><\/li>\n<li><span class=\"fontstyle0\">Certificacion NFPA 2112 (ASTM F1930) en porcentaje de quemadura menor a 10%.<\/span><\/li>\n<\/ul>\n<h3 data-start=\"1705\" data-end=\"1738\">Usos recomendados en Colombia<\/h3>\n<ul>\n<li data-start=\"1741\" data-end=\"1770\">Industria <strong data-start=\"1751\" data-end=\"1770\">petrolera y gas<\/strong><\/li>\n<li data-start=\"1741\" data-end=\"1770\">Plantas <strong data-start=\"1781\" data-end=\"1811\">el\u00e9ctricas y subestaciones<\/strong><\/li>\n<li data-start=\"1814\" data-end=\"1851\">Industria <strong data-start=\"1824\" data-end=\"1851\">metal\u00fargica y soldadura<\/strong><\/li>\n<li data-start=\"1854\" data-end=\"1881\">Miner\u00eda y procesos t\u00e9rmicos<\/li>\n<li data-start=\"1884\" data-end=\"1935\">Brigadas industriales y mantenimiento especializado<\/li>\n<li data-start=\"1938\" data-end=\"1987\">Trabajos con <strong data-start=\"1951\" data-end=\"1987\">riesgo de arco el\u00e9ctrico y llama<\/strong><\/li>\n<\/ul>\n<p><span class=\"fontstyle0\"><strong>COMPOSICI\u00d3N DE LA TELA<\/strong><br \/>\n<\/span><\/p>\n<ul>\n<li><span class=\"fontstyle2\">Textil Ultrasoft 7 onzas.<br \/>\n<\/span><\/li>\n<li><span class=\"fontstyle2\">Composici\u00f3n: 88% algod\u00f3n tratado &#8211;<br \/>\n<\/span><\/li>\n<li><span class=\"fontstyle2\">12% nylon de alta tenacidad.<br \/>\n<\/span><\/li>\n<li><span class=\"fontstyle2\">Protecci\u00f3n de arco el\u00e9ctrico ATPV 8.7\u00a0<\/span><span class=\"fontstyle2\">cal\/cm\u00b2.<br \/>\n<\/span><\/li>\n<li><span class=\"fontstyle2\">Categoria II<\/span><\/li>\n<\/ul>\n<h3 data-start=\"2562\" data-end=\"2615\">\u00bfQu\u00e9 significa Categor\u00eda 2 en overoles ign\u00edfugos?<\/h3>\n<p data-start=\"2616\" data-end=\"2935\">La <strong data-start=\"2619\" data-end=\"2634\">Categor\u00eda 2<\/strong> corresponde a prendas de protecci\u00f3n para <strong data-start=\"2676\" data-end=\"2699\">riesgos intermedios<\/strong>, donde existe exposici\u00f3n real a calor, llama o arco el\u00e9ctrico, pero sin llegar a escenarios extremos.<br data-start=\"2801\" data-end=\"2804\" \/>Son ampliamente utilizadas en <strong data-start=\"2834\" data-end=\"2888\">industria energ\u00e9tica, petr\u00f3leo y procesos t\u00e9rmicos<\/strong>, donde el uso de ropa ign\u00edfuga es obligatorio.<\/p>\n<p data-start=\"2616\" data-end=\"2935\">\ud83d\udc49 <strong data-start=\"3341\" data-end=\"3469\">Solicita asesor\u00eda t\u00e9cnica para elegir el overol ign\u00edfugo adecuado seg\u00fan tu riesgo t\u00e9rmico y normativa aplicable en Colombia.<\/strong><\/p>\n<\/div>","protected":false},"excerpt":{"rendered":"<h2>Conoce nuestros overoles de seguridad \/ Overoles ign\u00edfugos<\/h2>\n<p>Referencia: CHEC-T INDURA<br \/>\nMarca: Nacional<\/p>\n<p>Este <strong>overol de seguridad ign\u00edfugo<\/strong>, categor\u00eda 2 para riesgo el\u00e9ctrico de 7 Onzas NFPA 2112 ofrece una resistencia contra la llama garantizada durante toda la vida de la prenda. Apropiado para toda una serie de aplicaciones, este art\u00edculo proporciona protecci\u00f3n contra calor convectivo y radiante. La cinta reflectante resistente a la llama proporciona una mayor visibilidad en condiciones de poca luz.<\/p>\n<p>Textil Ultrasoft 7 Onzas<\/p>\n<p>Composici\u00f3n: 88% algod\u00f3n tratado 12% nylon de alta tenacidad<\/p>\n<p>Protecci\u00f3n de arco el\u00e9ctrico ATPV 8.7 cal\/cm.<\/p>\n<p>Categor\u00eda 2<\/p>\n<p>Certificaci\u00f3n: NFPA2112 (ASTM F1930)<\/p>\n<p>&nbsp;<\/p>\n<p><strong>Tiempo de entrega de 5 d\u00edas si no se cuenta con stock<\/strong><\/p>\n<p><strong>Consulte disponibilidad con nuestros asesores especializados<\/strong><\/p>\n<p>&nbsp;<\/p>\n<p><a href=\"https:\/\/api.whatsapp.com\/send?phone=573147862881\" target=\"_blank\" rel=\"noopener\"><button class=\"boton\">Contactar un asesor<\/button><\/a><\/p>\n<p><a href=\"https:\/\/www.kpnsafety.com\/colombia\/contactanos\/\" target=\"_blank\" rel=\"noopener\"><button class=\"boton\">Solicitar presupuesto<\/button><\/a><\/p>\n","protected":false},"featured_media":11515,"comment_status":"closed","ping_status":"closed","template":"","meta":[],"product_brand":[],"product_cat":[190,127,567,130],"product_tag":[],"class_list":{"0":"post-8853","1":"product","2":"type-product","3":"status-publish","4":"has-post-thumbnail","6":"product_cat-prendas-ignifugas","7":"product_cat-proteccion-corporal","8":"product_cat-proteccion-corporal-arco-electrico","9":"product_cat-seguridad-electrica","10":"vtmin_rule_category-minimum-purchase-category","12":"first","13":"instock","14":"featured","15":"taxable","16":"shipping-taxable","17":"purchasable","18":"product-type-variable"},"_links":{"self":[{"href":"https:\/\/www.kpnsafety.com\/colombia\/wp-json\/wp\/v2\/product\/8853","targetHints":{"allow":["GET"]}}],"collection":[{"href":"https:\/\/www.kpnsafety.com\/colombia\/wp-json\/wp\/v2\/product"}],"about":[{"href":"https:\/\/www.kpnsafety.com\/colombia\/wp-json\/wp\/v2\/types\/product"}],"replies":[{"embeddable":true,"href":"https:\/\/www.kpnsafety.com\/colombia\/wp-json\/wp\/v2\/comments?post=8853"}],"wp:featuredmedia":[{"embeddable":true,"href":"https:\/\/www.kpnsafety.com\/colombia\/wp-json\/wp\/v2\/media\/11515"}],"wp:attachment":[{"href":"https:\/\/www.kpnsafety.com\/colombia\/wp-json\/wp\/v2\/media?parent=8853"}],"wp:term":[{"taxonomy":"product_brand","embeddable":true,"href":"https:\/\/www.kpnsafety.com\/colombia\/wp-json\/wp\/v2\/product_brand?post=8853"},{"taxonomy":"product_cat","embeddable":true,"href":"https:\/\/www.kpnsafety.com\/colombia\/wp-json\/wp\/v2\/product_cat?post=8853"},{"taxonomy":"product_tag","embeddable":true,"href":"https:\/\/www.kpnsafety.com\/colombia\/wp-json\/wp\/v2\/product_tag?post=8853"}],"curies":[{"name":"wp","href":"https:\/\/api.w.org\/{rel}","templated":true}]}}