{"id":8868,"date":"2020-09-11T10:37:26","date_gmt":"2020-09-11T15:37:26","guid":{"rendered":"https:\/\/www.kpnsafety.com\/colombia\/?post_type=product&#038;p=8868"},"modified":"2025-12-23T10:56:36","modified_gmt":"2025-12-23T15:56:36","slug":"guantes-de-nitrilo-flexo-grip","status":"publish","type":"product","link":"https:\/\/www.kpnsafety.com\/colombia\/product\/guantes-de-nitrilo-flexo-grip\/","title":{"rendered":"Guantes de Nitrilo Flexo Grip"},"content":{"rendered":"<p><strong>CARACTER\u00cdSTICAS T\u00c9CNICAS<\/strong><br \/>\nCertificado CE<br \/>\nM\u00e1ximo nivel EN Abrasi\u00f3n 4<br \/>\nIdeal para reparaci\u00f3n de veh\u00edculos, construcci\u00f3n y otros sectores<br \/>\nPalma recubierta para dexteridad y aireaci\u00f3n mayores<br \/>\nSoporte interior de punto de galga 13 para un perfecto ajuste<br \/>\nForro sin costuras 100% transpirable<br \/>\nBajo nivel de liberaci\u00f3n de fibras, para una m\u00ednima contaminaci\u00f3n<br \/>\nNivel A1 ANSI al corte<br \/>\nNivel 2 ANSI a la abrasi\u00f3n<br \/>\nMateriales: 50% Nitrilo, 45% Pylon, 5% El\u00e1stico, Nitrilo<\/p>\n<p><strong>NORMATIVA<\/strong><br \/>\nAS\/NZS 2161 .2<br \/>\nAS\/NZS 2161 .3<br \/>\nANSI\/ISEA 105 &#8211; 2016 CUT Level A1<br \/>\nEN 388:2016 &#8211; 3.1.2.1.X<br \/>\nEN 420<\/p>\n<p><strong>USOS RECOMENDADOS<\/strong><br \/>\nIdeal para reparaci\u00f3n de autom\u00f3viles, talleres mec\u00e1nicos, construcci\u00f3n, carpinter\u00eda, jardiner\u00eda y otros sectores donde sea necesaria una protecci\u00f3n frente a la abrasi\u00f3n y fricci\u00f3n.<\/p>\n","protected":false},"excerpt":{"rendered":"<p>Referencia: A310<br \/>\nMarca: Portwest<\/p>\n<p>La cubierta de nitrilo del guante Flexo Grip da una reforzada resistencia a la abrasi\u00f3n. Los guantes de manipulaci\u00f3n en general y de agarre son los m\u00e1s populares en la colecci\u00f3n de protecci\u00f3n para las manos de Portwest.<\/p>\n<p>&nbsp;<\/p>\n<p><strong>Tiempo de entrega de 45 a 60 d\u00edas si no se cuenta con stock<\/strong><\/p>\n<p><strong>Consulte disponibilidad con nuestros asesores especializados<\/strong><\/p>\n<p>&nbsp;<\/p>\n<p><a href=\"https:\/\/api.whatsapp.com\/send?phone=573147862881\" target=\"_blank\" rel=\"noopener\"><button class=\"boton\">Contactar un asesor<\/button><\/a><\/p>\n<p><a href=\"https:\/\/www.kpnsafety.com\/colombia\/contactanos\/\" target=\"_blank\" rel=\"noopener\"><button class=\"boton\">Solicitar presupuesto<\/button><\/a><\/p>\n","protected":false},"featured_media":8877,"comment_status":"closed","ping_status":"closed","template":"","meta":[],"product_brand":[],"product_cat":[115,120,129],"product_tag":[],"class_list":{"0":"post-8868","1":"product","2":"type-product","3":"status-publish","4":"has-post-thumbnail","6":"product_cat-proteccion-manual","7":"product_cat-proteccion-quimica","8":"product_cat-seguridad-industrial","9":"vtmin_rule_category-minimum-purchase-category","11":"first","12":"instock","13":"taxable","14":"shipping-taxable","15":"purchasable","16":"product-type-variable"},"_links":{"self":[{"href":"https:\/\/www.kpnsafety.com\/colombia\/wp-json\/wp\/v2\/product\/8868","targetHints":{"allow":["GET"]}}],"collection":[{"href":"https:\/\/www.kpnsafety.com\/colombia\/wp-json\/wp\/v2\/product"}],"about":[{"href":"https:\/\/www.kpnsafety.com\/colombia\/wp-json\/wp\/v2\/types\/product"}],"replies":[{"embeddable":true,"href":"https:\/\/www.kpnsafety.com\/colombia\/wp-json\/wp\/v2\/comments?post=8868"}],"wp:featuredmedia":[{"embeddable":true,"href":"https:\/\/www.kpnsafety.com\/colombia\/wp-json\/wp\/v2\/media\/8877"}],"wp:attachment":[{"href":"https:\/\/www.kpnsafety.com\/colombia\/wp-json\/wp\/v2\/media?parent=8868"}],"wp:term":[{"taxonomy":"product_brand","embeddable":true,"href":"https:\/\/www.kpnsafety.com\/colombia\/wp-json\/wp\/v2\/product_brand?post=8868"},{"taxonomy":"product_cat","embeddable":true,"href":"https:\/\/www.kpnsafety.com\/colombia\/wp-json\/wp\/v2\/product_cat?post=8868"},{"taxonomy":"product_tag","embeddable":true,"href":"https:\/\/www.kpnsafety.com\/colombia\/wp-json\/wp\/v2\/product_tag?post=8868"}],"curies":[{"name":"wp","href":"https:\/\/api.w.org\/{rel}","templated":true}]}}