{"id":8931,"date":"2020-09-11T12:23:25","date_gmt":"2020-09-11T17:23:25","guid":{"rendered":"https:\/\/www.kpnsafety.com\/colombia\/?post_type=product&#038;p=8931"},"modified":"2025-01-15T08:56:43","modified_gmt":"2025-01-15T13:56:43","slug":"guante-cowboy-2","status":"publish","type":"product","link":"https:\/\/www.kpnsafety.com\/colombia\/product\/guante-cowboy-2\/","title":{"rendered":"Guante Cowboy 2"},"content":{"rendered":"<p><strong>CUERO GENUINO BULLWHIP\u00ae LAVABLE A M\u00c1QUINA<\/strong><br \/>\nNo se seca ni encoge cuando est\u00e1 mojado.<\/p>\n<p><strong>REFUERZOS DURACLAD\u00ae<\/strong><br \/>\n8 veces m\u00e1s duradero que el cuero sint\u00e9tico normal.<\/p>\n<p><strong>TOALLITA PARA EL SUDOR DE FELPA<\/strong><br \/>\nConvenientemente ubicado en la parte posterior del pulgar.<\/p>\n<p><strong>SISTEMA DE MANGUITO DE COMPRESI\u00d3N<\/strong><br \/>\nOperaci\u00f3n f\u00e1cil de encender \/ apagar con un ajuste perfecto constante.<\/p>\n<p><strong>EXTRACTOR DE MANGUITOS TPR<\/strong><br \/>\nColoque su guante en la posici\u00f3n adecuada m\u00e1s r\u00e1pido.<\/p>\n","protected":false},"excerpt":{"rendered":"<p>Referencia:RWC2<br \/>\nMarca: Ironclad<\/p>\n<p>Una versi\u00f3n m\u00e1s ligera del Ranchworx\u00ae, este guante de cuero lavable es perfecto para una amplia variedad de tareas. Cuero Bullwhip que no se seca ni encoge cuando se lava, sus caracter\u00edsticas de protecci\u00f3n avanzadas hacen que este guante sea lo suficientemente resistente para casi cualquier tarea.<\/p>\n<p>&nbsp;<\/p>\n<p>&nbsp;<\/p>\n<p><strong>Tiempo de entrega de 45 a 60 d\u00edas si no se cuenta con stock<\/strong><\/p>\n<p><strong>Consulte disponibilidad con nuestros asesores especializados<\/strong><\/p>\n<p><a href=\"https:\/\/api.whatsapp.com\/send?phone=573147862881\" target=\"_blank\" rel=\"noopener\"><button class=\"boton\">Contactar un asesor<\/button><\/a><\/p>\n<p><a href=\"https:\/\/www.kpnsafety.com\/colombia\/contactanos\/\" target=\"_blank\" rel=\"noopener\"><button class=\"boton\">Solicitar presupuesto<\/button><\/a><\/p>\n","protected":false},"featured_media":11927,"comment_status":"closed","ping_status":"closed","template":"","meta":[],"product_brand":[],"product_cat":[151,115,129],"product_tag":[232,243,242,233,207],"class_list":{"0":"post-8931","1":"product","2":"type-product","3":"status-publish","4":"has-post-thumbnail","6":"product_cat-guantes-industriales","7":"product_cat-proteccion-manual","8":"product_cat-seguridad-industrial","9":"product_tag-guantes","10":"product_tag-guantes-anti-impacto","11":"product_tag-ironclad","12":"product_tag-proteccion-manual","13":"product_tag-seguridad-industrial","14":"vtmin_rule_category-minimum-purchase-category","16":"first","17":"instock","18":"taxable","19":"shipping-taxable","20":"purchasable","21":"product-type-variable"},"_links":{"self":[{"href":"https:\/\/www.kpnsafety.com\/colombia\/wp-json\/wp\/v2\/product\/8931","targetHints":{"allow":["GET"]}}],"collection":[{"href":"https:\/\/www.kpnsafety.com\/colombia\/wp-json\/wp\/v2\/product"}],"about":[{"href":"https:\/\/www.kpnsafety.com\/colombia\/wp-json\/wp\/v2\/types\/product"}],"replies":[{"embeddable":true,"href":"https:\/\/www.kpnsafety.com\/colombia\/wp-json\/wp\/v2\/comments?post=8931"}],"wp:featuredmedia":[{"embeddable":true,"href":"https:\/\/www.kpnsafety.com\/colombia\/wp-json\/wp\/v2\/media\/11927"}],"wp:attachment":[{"href":"https:\/\/www.kpnsafety.com\/colombia\/wp-json\/wp\/v2\/media?parent=8931"}],"wp:term":[{"taxonomy":"product_brand","embeddable":true,"href":"https:\/\/www.kpnsafety.com\/colombia\/wp-json\/wp\/v2\/product_brand?post=8931"},{"taxonomy":"product_cat","embeddable":true,"href":"https:\/\/www.kpnsafety.com\/colombia\/wp-json\/wp\/v2\/product_cat?post=8931"},{"taxonomy":"product_tag","embeddable":true,"href":"https:\/\/www.kpnsafety.com\/colombia\/wp-json\/wp\/v2\/product_tag?post=8931"}],"curies":[{"name":"wp","href":"https:\/\/api.w.org\/{rel}","templated":true}]}}